{"version":"1.0","provider_name":"Luha\u010dovice.cz","provider_url":"https:\/\/luhacovice.cz\/de\/","title":"Koncert, tanec, poslech \/ Revival Waldemara Matu\u0161ky - ZRU\u0160ENO - Luha\u010dovice.cz","type":"rich","width":600,"height":338,"html":"<blockquote class=\"wp-embedded-content\" data-secret=\"lwL5UoRlVp\"><a href=\"https:\/\/luhacovice.cz\/de\/akce\/590a-koncert-tanec-poslech-revival-waldemara-matusky\/\">Koncert, tanec, poslech \/ Revival Waldemara Matu\u0161ky &#8211; ZRU\u0160ENO<\/a><\/blockquote><iframe sandbox=\"allow-scripts\" security=\"restricted\" src=\"https:\/\/luhacovice.cz\/de\/akce\/590a-koncert-tanec-poslech-revival-waldemara-matusky\/embed\/#?secret=lwL5UoRlVp\" width=\"600\" height=\"338\" title=\"&#8222;Koncert, tanec, poslech \/ Revival Waldemara Matu\u0161ky &#8211; ZRU\u0160ENO&#8220; &#8211; Luha\u010dovice.cz\" data-secret=\"lwL5UoRlVp\" frameborder=\"0\" marginwidth=\"0\" marginheight=\"0\" scrolling=\"no\" class=\"wp-embedded-content\"><\/iframe><script type=\"text\/javascript\">\n\/*! This file is auto-generated *\/\n!function(c,d){\"use strict\";var e=!1,o=!1;if(d.querySelector)if(c.addEventListener)e=!0;if(c.wp=c.wp||{},c.wp.receiveEmbedMessage);else if(c.wp.receiveEmbedMessage=function(e){var t=e.data;if(!t);else if(!(t.secret||t.message||t.value));else if(\/[^a-zA-Z0-9]\/.test(t.secret));else{for(var r,s,a,i=d.querySelectorAll('iframe[data-secret=\"'+t.secret+'\"]'),n=d.querySelectorAll('blockquote[data-secret=\"'+t.secret+'\"]'),o=new RegExp(\"^https?:$\",\"i\"),l=0;l<n.length;l++)n[l].style.display=\"none\";for(l=0;l<i.length;l++)if(r=i[l],e.source!==r.contentWindow);else{if(r.removeAttribute(\"style\"),\"height\"===t.message){if(1e3<(s=parseInt(t.value,10)))s=1e3;else if(~~s<200)s=200;r.height=s}if(\"link\"===t.message)if(s=d.createElement(\"a\"),a=d.createElement(\"a\"),s.href=r.getAttribute(\"src\"),a.href=t.value,!o.test(a.protocol));else if(a.host===s.host)if(d.activeElement===r)c.top.location.href=t.value}}},e)c.addEventListener(\"message\",c.wp.receiveEmbedMessage,!1),d.addEventListener(\"DOMContentLoaded\",t,!1),c.addEventListener(\"load\",t,!1);function t(){if(o);else{o=!0;for(var e,t,r,s=-1!==navigator.appVersion.indexOf(\"MSIE 10\"),a=!!navigator.userAgent.match(\/Trident.*rv:11\\.\/),i=d.querySelectorAll(\"iframe.wp-embedded-content\"),n=0;n<i.length;n++){if(!(r=(t=i[n]).getAttribute(\"data-secret\")))r=Math.random().toString(36).substr(2,10),t.src+=\"#?secret=\"+r,t.setAttribute(\"data-secret\",r);if(s||a)(e=t.cloneNode(!0)).removeAttribute(\"security\"),t.parentNode.replaceChild(e,t);t.contentWindow.postMessage({message:\"ready\",secret:r},\"*\")}}}}(window,document);\n<\/script>\n","description":"Exklusivn\u00ed vystoupen\u00ed zku\u0161en\u00e9ho zp\u011bv\u00e1ka Jarom\u00edra Adamce, ob\u010dansk\u00fdm jm\u00e9nem Jarom\u00edra Matu\u0161ky, s\u00f3listy Hudebn\u00edho divadla Karl\u00edn, a zp\u011bv\u00e1ka \u010desk\u00fdch muzik\u00e1l\u016f (Dracula, B\u00eddn\u00edci\u2026). Jeho hlas nerozezn\u00e1te od legend\u00e1rn\u00edho zlat\u00e9ho slav\u00edka Waldemara Matu\u0161ky. V\u00fdborn\u00fd um\u011bleck\u00fd v\u00fdkon interpreta nem\u00e1 v \u010cesk\u00e9 Republice obdoby. Image vystoupen\u00ed podtrhuj\u00ed dv\u011b p\u016fvabn\u00e9 vokalistky v doprovodu \u017eiv\u00e9 skupiny. U\u017eijte si skv\u011blou tane\u010dn\u00ed i poslechovou \u0161ou... Artikel ansehen","thumbnail_url":"http:\/\/luhacovice.cz\/wcd\/actions\/2012\/07\/thumb\/walda.jpg"}

Luhačovice.cz

Koncert, tanec, poslech / Revival Waldemara Matušky - ZRUŠENO - Luhačovice.cz

<blockquote class="wp-embedded-content" data-secret="lwL5UoRlVp"><a href="https://luhacovice.cz/de/akce/590a-koncert-tanec-poslech-revival-waldemara-matusky/">Koncert, tanec, poslech / Revival Waldemara Matušky &#8211; ZRUŠENO</a></blockquote><iframe sandbox="allow-scripts" security="restricted" src="https://luhacovice.cz/de/akce/590a-koncert-tanec-poslech-revival-waldemara-matusky/embed/#?secret=lwL5UoRlVp" width="600" height="338" title="&#8222;Koncert, tanec, poslech / Revival Waldemara Matušky &#8211; ZRUŠENO&#8220; &#8211; Luhačovice.cz" data-secret="lwL5UoRlVp" frameborder="0" marginwidth="0" marginheight="0" scrolling="no" class="wp-embedded-content"></iframe><script type="text/javascript">
/*! This file is auto-generated */
!function(c,d){"use strict";var e=!1,o=!1;if(d.querySelector)if(c.addEventListener)e=!0;if(c.wp=c.wp||{},c.wp.receiveEmbedMessage);else if(c.wp.receiveEmbedMessage=function(e){var t=e.data;if(!t);else if(!(t.secret||t.message||t.value));else if(/[^a-zA-Z0-9]/.test(t.secret));else{for(var r,s,a,i=d.querySelectorAll('iframe[data-secret="'+t.secret+'"]'),n=d.querySelectorAll('blockquote[data-secret="'+t.secret+'"]'),o=new RegExp("^https?:$","i"),l=0;l<n.length;l++)n[l].style.display="none";for(l=0;l<i.length;l++)if(r=i[l],e.source!==r.contentWindow);else{if(r.removeAttribute("style"),"height"===t.message){if(1e3<(s=parseInt(t.value,10)))s=1e3;else if(~~s<200)s=200;r.height=s}if("link"===t.message)if(s=d.createElement("a"),a=d.createElement("a"),s.href=r.getAttribute("src"),a.href=t.value,!o.test(a.protocol));else if(a.host===s.host)if(d.activeElement===r)c.top.location.href=t.value}}},e)c.addEventListener("message",c.wp.receiveEmbedMessage,!1),d.addEventListener("DOMContentLoaded",t,!1),c.addEventListener("load",t,!1);function t(){if(o);else{o=!0;for(var e,t,r,s=-1!==navigator.appVersion.indexOf("MSIE 10"),a=!!navigator.userAgent.match(/Trident.*rv:11\./),i=d.querySelectorAll("iframe.wp-embedded-content"),n=0;n<i.length;n++){if(!(r=(t=i[n]).getAttribute("data-secret")))r=Math.random().toString(36).substr(2,10),t.src+="#?secret="+r,t.setAttribute("data-secret",r);if(s||a)(e=t.cloneNode(!0)).removeAttribute("security"),t.parentNode.replaceChild(e,t);t.contentWindow.postMessage({message:"ready",secret:r},"*")}}}}(window,document);
</script>

Exklusivní vystoupení zkušeného zpěváka Jaromíra Adamce, občanským jménem Jaromíra Matušky, sólisty Hudebního divadla Karlín, a zpěváka českých muzikálů (Dracula, Bídníci…). Jeho hlas nerozeznáte od legendárního zlatého slavíka Waldemara Matušky. Výborný umělecký výkon interpreta nemá v České Republice obdoby. Image vystoupení podtrhují dvě půvabné vokalistky v doprovodu živé skupiny. Užijte si skvělou taneční i poslechovou šou... Artikel ansehen
