{"id":5245,"date":"2011-09-04T00:00:00","date_gmt":"2011-09-03T22:00:00","guid":{"rendered":"https:\/\/luhacovice.cz\/akce\/308a-koncert-kolonada-s-calmou\/"},"modified":"2011-09-04T00:00:00","modified_gmt":"2011-09-03T22:00:00","slug":"308a-koncert-kolonada-s-calmou","status":"publish","type":"akce","link":"https:\/\/luhacovice.cz\/de\/akce\/308a-koncert-kolonada-s-calmou\/","title":{"rendered":"Koncert \/ KOLON\u00c1DA S CALMOU"},"content":{"rendered":"<p>Kolon\u00e1dn\u00ed koncert spojen\u00fd s historickou m\u00f3dn\u00ed p\u0159ehl\u00eddkou a pr\u016fvodn\u00edm slovem, v\u011bnovan\u00fd pam\u00e1tce Marie Calmy Vesel\u00e9. \u00da\u010dinkuje Komorn\u00ed smy\u010dcov\u00fd orchestr Zl\u00edn a Luha\u010dovick\u00fd okra\u0161lovac\u00ed spolek Calma.<\/p>\n","protected":false},"featured_media":0,"template":"","meta":[],"druhy_akci":[23],"yoast_head":"<!-- This site is optimized with the Yoast SEO plugin v20.4 - https:\/\/yoast.com\/wordpress\/plugins\/seo\/ -->\n<title>Koncert \/ KOLON\u00c1DA S CALMOU - Luha\u010dovice.cz<\/title>\n<meta name=\"robots\" content=\"index, follow, max-snippet:-1, max-image-preview:large, max-video-preview:-1\" \/>\n<link rel=\"canonical\" href=\"https:\/\/luhacovice.cz\/akce\/308a-koncert-kolonada-s-calmou\/\" \/>\n<meta property=\"og:locale\" content=\"de_DE\" \/>\n<meta property=\"og:type\" content=\"article\" \/>\n<meta property=\"og:title\" content=\"Koncert \/ KOLON\u00c1DA S CALMOU - Luha\u010dovice.cz\" \/>\n<meta property=\"og:description\" content=\"Kolon\u00e1dn\u00ed koncert spojen\u00fd s historickou m\u00f3dn\u00ed p\u0159ehl\u00eddkou a pr\u016fvodn\u00edm slovem, v\u011bnovan\u00fd pam\u00e1tce Marie Calmy Vesel\u00e9. \u00da\u010dinkuje Komorn\u00ed smy\u010dcov\u00fd orchestr Zl\u00edn a Luha\u010dovick\u00fd okra\u0161lovac\u00ed spolek Calma.\" \/>\n<meta property=\"og:url\" content=\"https:\/\/luhacovice.cz\/akce\/308a-koncert-kolonada-s-calmou\/\" \/>\n<meta property=\"og:site_name\" content=\"Luha\u010dovice.cz\" \/>\n<meta name=\"twitter:card\" content=\"summary_large_image\" \/>\n<script type=\"application\/ld+json\" class=\"yoast-schema-graph\">{\"@context\":\"https:\/\/schema.org\",\"@graph\":[{\"@type\":\"WebPage\",\"@id\":\"https:\/\/luhacovice.cz\/akce\/308a-koncert-kolonada-s-calmou\/\",\"url\":\"https:\/\/luhacovice.cz\/akce\/308a-koncert-kolonada-s-calmou\/\",\"name\":\"Koncert \/ KOLON\u00c1DA S CALMOU - Luha\u010dovice.cz\",\"isPartOf\":{\"@id\":\"https:\/\/luhacovice.cz\/#website\"},\"datePublished\":\"2011-09-03T22:00:00+00:00\",\"dateModified\":\"2011-09-03T22:00:00+00:00\",\"breadcrumb\":{\"@id\":\"https:\/\/luhacovice.cz\/akce\/308a-koncert-kolonada-s-calmou\/#breadcrumb\"},\"inLanguage\":\"de\",\"potentialAction\":[{\"@type\":\"ReadAction\",\"target\":[\"https:\/\/luhacovice.cz\/akce\/308a-koncert-kolonada-s-calmou\/\"]}]},{\"@type\":\"BreadcrumbList\",\"@id\":\"https:\/\/luhacovice.cz\/akce\/308a-koncert-kolonada-s-calmou\/#breadcrumb\",\"itemListElement\":[{\"@type\":\"ListItem\",\"position\":1,\"name\":\"Home\",\"item\":\"https:\/\/luhacovice.cz\/de\/\"},{\"@type\":\"ListItem\",\"position\":2,\"name\":\"Akce\",\"item\":\"https:\/\/luhacovice.cz\/akce\/\"},{\"@type\":\"ListItem\",\"position\":3,\"name\":\"Koncert \/ KOLON\u00c1DA S CALMOU\"}]},{\"@type\":\"WebSite\",\"@id\":\"https:\/\/luhacovice.cz\/#website\",\"url\":\"https:\/\/luhacovice.cz\/\",\"name\":\"Luha\u010dovice.cz\",\"description\":\"Turistick\u00fd port\u00e1l Luha\u010dovice Pozlovice\",\"potentialAction\":[{\"@type\":\"SearchAction\",\"target\":{\"@type\":\"EntryPoint\",\"urlTemplate\":\"https:\/\/luhacovice.cz\/?s={search_term_string}\"},\"query-input\":\"required name=search_term_string\"}],\"inLanguage\":\"de\"}]}<\/script>\n<!-- \/ Yoast SEO plugin. -->","yoast_head_json":{"title":"Koncert \/ KOLON\u00c1DA S CALMOU - Luha\u010dovice.cz","robots":{"index":"index","follow":"follow","max-snippet":"max-snippet:-1","max-image-preview":"max-image-preview:large","max-video-preview":"max-video-preview:-1"},"canonical":"https:\/\/luhacovice.cz\/akce\/308a-koncert-kolonada-s-calmou\/","og_locale":"de_DE","og_type":"article","og_title":"Koncert \/ KOLON\u00c1DA S CALMOU - Luha\u010dovice.cz","og_description":"Kolon\u00e1dn\u00ed koncert spojen\u00fd s historickou m\u00f3dn\u00ed p\u0159ehl\u00eddkou a pr\u016fvodn\u00edm slovem, v\u011bnovan\u00fd pam\u00e1tce Marie Calmy Vesel\u00e9. \u00da\u010dinkuje Komorn\u00ed smy\u010dcov\u00fd orchestr Zl\u00edn a Luha\u010dovick\u00fd okra\u0161lovac\u00ed spolek Calma.","og_url":"https:\/\/luhacovice.cz\/akce\/308a-koncert-kolonada-s-calmou\/","og_site_name":"Luha\u010dovice.cz","twitter_card":"summary_large_image","schema":{"@context":"https:\/\/schema.org","@graph":[{"@type":"WebPage","@id":"https:\/\/luhacovice.cz\/akce\/308a-koncert-kolonada-s-calmou\/","url":"https:\/\/luhacovice.cz\/akce\/308a-koncert-kolonada-s-calmou\/","name":"Koncert \/ KOLON\u00c1DA S CALMOU - Luha\u010dovice.cz","isPartOf":{"@id":"https:\/\/luhacovice.cz\/#website"},"datePublished":"2011-09-03T22:00:00+00:00","dateModified":"2011-09-03T22:00:00+00:00","breadcrumb":{"@id":"https:\/\/luhacovice.cz\/akce\/308a-koncert-kolonada-s-calmou\/#breadcrumb"},"inLanguage":"de","potentialAction":[{"@type":"ReadAction","target":["https:\/\/luhacovice.cz\/akce\/308a-koncert-kolonada-s-calmou\/"]}]},{"@type":"BreadcrumbList","@id":"https:\/\/luhacovice.cz\/akce\/308a-koncert-kolonada-s-calmou\/#breadcrumb","itemListElement":[{"@type":"ListItem","position":1,"name":"Home","item":"https:\/\/luhacovice.cz\/de\/"},{"@type":"ListItem","position":2,"name":"Akce","item":"https:\/\/luhacovice.cz\/akce\/"},{"@type":"ListItem","position":3,"name":"Koncert \/ KOLON\u00c1DA S CALMOU"}]},{"@type":"WebSite","@id":"https:\/\/luhacovice.cz\/#website","url":"https:\/\/luhacovice.cz\/","name":"Luha\u010dovice.cz","description":"Turistick\u00fd port\u00e1l Luha\u010dovice Pozlovice","potentialAction":[{"@type":"SearchAction","target":{"@type":"EntryPoint","urlTemplate":"https:\/\/luhacovice.cz\/?s={search_term_string}"},"query-input":"required name=search_term_string"}],"inLanguage":"de"}]}},"_links":{"self":[{"href":"https:\/\/luhacovice.cz\/de\/wp-json\/wp\/v2\/akce\/5245"}],"collection":[{"href":"https:\/\/luhacovice.cz\/de\/wp-json\/wp\/v2\/akce"}],"about":[{"href":"https:\/\/luhacovice.cz\/de\/wp-json\/wp\/v2\/types\/akce"}],"wp:attachment":[{"href":"https:\/\/luhacovice.cz\/de\/wp-json\/wp\/v2\/media?parent=5245"}],"wp:term":[{"taxonomy":"druhy_akci","embeddable":true,"href":"https:\/\/luhacovice.cz\/de\/wp-json\/wp\/v2\/druhy_akci?post=5245"}],"curies":[{"name":"wp","href":"https:\/\/api.w.org\/{rel}","templated":true}]}}

Koncert / KOLONÁDA S CALMOU

<p>Kolonádní koncert spojený s historickou módní přehlídkou a průvodním slovem, věnovaný památce Marie Calmy Veselé. Účinkuje Komorní smyčcový orchestr Zlín a Luhačovický okrašlovací spolek Calma.</p>

<!-- This site is optimized with the Yoast SEO plugin v20.4 - https://yoast.com/wordpress/plugins/seo/ -->
<title>Koncert / KOLONÁDA S CALMOU - Luhačovice.cz</title>
<meta name="robots" content="index, follow, max-snippet:-1, max-image-preview:large, max-video-preview:-1" />
<link rel="canonical" href="https://luhacovice.cz/akce/308a-koncert-kolonada-s-calmou/" />
<meta property="og:locale" content="de_DE" />
<meta property="og:type" content="article" />
<meta property="og:title" content="Koncert / KOLONÁDA S CALMOU - Luhačovice.cz" />
<meta property="og:description" content="Kolonádní koncert spojený s historickou módní přehlídkou a průvodním slovem, věnovaný památce Marie Calmy Veselé. Účinkuje Komorní smyčcový orchestr Zlín a Luhačovický okrašlovací spolek Calma." />
<meta property="og:url" content="https://luhacovice.cz/akce/308a-koncert-kolonada-s-calmou/" />
<meta property="og:site_name" content="Luhačovice.cz" />
<meta name="twitter:card" content="summary_large_image" />
<script type="application/ld+json" class="yoast-schema-graph">{"@context":"https://schema.org","@graph":[{"@type":"WebPage","@id":"https://luhacovice.cz/akce/308a-koncert-kolonada-s-calmou/","url":"https://luhacovice.cz/akce/308a-koncert-kolonada-s-calmou/","name":"Koncert / KOLONÁDA S CALMOU - Luhačovice.cz","isPartOf":{"@id":"https://luhacovice.cz/#website"},"datePublished":"2011-09-03T22:00:00+00:00","dateModified":"2011-09-03T22:00:00+00:00","breadcrumb":{"@id":"https://luhacovice.cz/akce/308a-koncert-kolonada-s-calmou/#breadcrumb"},"inLanguage":"de","potentialAction":[{"@type":"ReadAction","target":["https://luhacovice.cz/akce/308a-koncert-kolonada-s-calmou/"]}]},{"@type":"BreadcrumbList","@id":"https://luhacovice.cz/akce/308a-koncert-kolonada-s-calmou/#breadcrumb","itemListElement":[{"@type":"ListItem","position":1,"name":"Home","item":"https://luhacovice.cz/de/"},{"@type":"ListItem","position":2,"name":"Akce","item":"https://luhacovice.cz/akce/"},{"@type":"ListItem","position":3,"name":"Koncert / KOLONÁDA S CALMOU"}]},{"@type":"WebSite","@id":"https://luhacovice.cz/#website","url":"https://luhacovice.cz/","name":"Luhačovice.cz","description":"Turistický portál Luhačovice Pozlovice","potentialAction":[{"@type":"SearchAction","target":{"@type":"EntryPoint","urlTemplate":"https://luhacovice.cz/?s={search_term_string}"},"query-input":"required name=search_term_string"}],"inLanguage":"de"}]}</script>
<!-- / Yoast SEO plugin. -->

Koncert / KOLONÁDA S CALMOU - Luhačovice.cz

Kolonádní koncert spojený s historickou módní přehlídkou a průvodním slovem, věnovaný památce Marie Calmy Veselé. Účinkuje Komorní smyčcový orchestr Zlín a Luhačovický okrašlovací spolek Calma.

Luhačovice.cz

Turistický portál Luhačovice Pozlovice
