{"id":5290,"date":"2011-10-27T00:00:00","date_gmt":"2011-10-26T22:00:00","guid":{"rendered":"https:\/\/luhacovice.cz\/akce\/474a-pribehy-hrabecich-lazni-krest-publikace-a-dernisaz-vystavy\/"},"modified":"2011-10-27T00:00:00","modified_gmt":"2011-10-26T22:00:00","slug":"474a-pribehy-hrabecich-lazni-krest-publikace-a-dernisaz-vystavy","status":"publish","type":"akce","link":"https:\/\/luhacovice.cz\/de\/akce\/474a-pribehy-hrabecich-lazni-krest-publikace-a-dernisaz-vystavy\/","title":{"rendered":"P\u0159\u00edb\u011bhy hrab\u011bc\u00edch l\u00e1zn\u00ed k\u0159est publikace a dernis\u00e1\u017e v\u00fdstavy"},"content":{"rendered":"<p>Muzeum jihov\u00fdchodn\u00ed Moravy ve Zl\u00edn\u011b V\u00e1s zve na rozlou\u010den\u00ed s v\u00fdstavou P\u0159\u00edb\u011bhy hrab\u011bc\u00edch l\u00e1zn\u00ed v Muzeu luha\u010dovick\u00e9ho Z\u00e1les\u00ed.<\/p>\n<p>Ve \u010dtvrtek 27.\u0159\u00edjna 2011 se v 10.00 a v 15.00 hodin uskute\u010dn\u00ed dv\u011b posledn\u00ed komentovan\u00e9 prohl\u00eddky.<\/p>\n<p>Pot\u00e9 n\u00e1sleduje 16.00 hodin k\u0159est publikace P\u0159\u00edb\u011bhy hrab\u011bc\u00edch l\u00e1zn\u00ed za \u00fa\u010dasti autora, v\u00fdtvarn\u00edka Akad. mal. Michala Zemana.<\/p>\n","protected":false},"featured_media":0,"template":"","meta":[],"druhy_akci":[20],"yoast_head":"<!-- This site is optimized with the Yoast SEO plugin v20.4 - https:\/\/yoast.com\/wordpress\/plugins\/seo\/ -->\n<title>P\u0159\u00edb\u011bhy hrab\u011bc\u00edch l\u00e1zn\u00ed k\u0159est publikace a dernis\u00e1\u017e v\u00fdstavy - Luha\u010dovice.cz<\/title>\n<meta name=\"robots\" content=\"index, follow, max-snippet:-1, max-image-preview:large, max-video-preview:-1\" \/>\n<link rel=\"canonical\" href=\"https:\/\/luhacovice.cz\/akce\/474a-pribehy-hrabecich-lazni-krest-publikace-a-dernisaz-vystavy\/\" \/>\n<meta property=\"og:locale\" content=\"de_DE\" \/>\n<meta property=\"og:type\" content=\"article\" \/>\n<meta property=\"og:title\" content=\"P\u0159\u00edb\u011bhy hrab\u011bc\u00edch l\u00e1zn\u00ed k\u0159est publikace a dernis\u00e1\u017e v\u00fdstavy - Luha\u010dovice.cz\" \/>\n<meta property=\"og:description\" content=\"Muzeum jihov\u00fdchodn\u00ed Moravy ve Zl\u00edn\u011b V\u00e1s zve na rozlou\u010den\u00ed s v\u00fdstavou P\u0159\u00edb\u011bhy hrab\u011bc\u00edch l\u00e1zn\u00ed v Muzeu luha\u010dovick\u00e9ho Z\u00e1les\u00ed. Ve \u010dtvrtek 27.\u0159\u00edjna 2011 se v 10.00 a v 15.00 hodin uskute\u010dn\u00ed dv\u011b posledn\u00ed komentovan\u00e9 prohl\u00eddky. Pot\u00e9 n\u00e1sleduje 16.00 hodin k\u0159est publikace P\u0159\u00edb\u011bhy hrab\u011bc\u00edch l\u00e1zn\u00ed za \u00fa\u010dasti autora, v\u00fdtvarn\u00edka Akad. mal. Michala Zemana.\" \/>\n<meta property=\"og:url\" content=\"https:\/\/luhacovice.cz\/akce\/474a-pribehy-hrabecich-lazni-krest-publikace-a-dernisaz-vystavy\/\" \/>\n<meta property=\"og:site_name\" content=\"Luha\u010dovice.cz\" \/>\n<meta name=\"twitter:card\" content=\"summary_large_image\" \/>\n<script type=\"application\/ld+json\" class=\"yoast-schema-graph\">{\"@context\":\"https:\/\/schema.org\",\"@graph\":[{\"@type\":\"WebPage\",\"@id\":\"https:\/\/luhacovice.cz\/akce\/474a-pribehy-hrabecich-lazni-krest-publikace-a-dernisaz-vystavy\/\",\"url\":\"https:\/\/luhacovice.cz\/akce\/474a-pribehy-hrabecich-lazni-krest-publikace-a-dernisaz-vystavy\/\",\"name\":\"P\u0159\u00edb\u011bhy hrab\u011bc\u00edch l\u00e1zn\u00ed k\u0159est publikace a dernis\u00e1\u017e v\u00fdstavy - Luha\u010dovice.cz\",\"isPartOf\":{\"@id\":\"https:\/\/luhacovice.cz\/#website\"},\"datePublished\":\"2011-10-26T22:00:00+00:00\",\"dateModified\":\"2011-10-26T22:00:00+00:00\",\"breadcrumb\":{\"@id\":\"https:\/\/luhacovice.cz\/akce\/474a-pribehy-hrabecich-lazni-krest-publikace-a-dernisaz-vystavy\/#breadcrumb\"},\"inLanguage\":\"de\",\"potentialAction\":[{\"@type\":\"ReadAction\",\"target\":[\"https:\/\/luhacovice.cz\/akce\/474a-pribehy-hrabecich-lazni-krest-publikace-a-dernisaz-vystavy\/\"]}]},{\"@type\":\"BreadcrumbList\",\"@id\":\"https:\/\/luhacovice.cz\/akce\/474a-pribehy-hrabecich-lazni-krest-publikace-a-dernisaz-vystavy\/#breadcrumb\",\"itemListElement\":[{\"@type\":\"ListItem\",\"position\":1,\"name\":\"Home\",\"item\":\"https:\/\/luhacovice.cz\/de\/\"},{\"@type\":\"ListItem\",\"position\":2,\"name\":\"Akce\",\"item\":\"https:\/\/luhacovice.cz\/akce\/\"},{\"@type\":\"ListItem\",\"position\":3,\"name\":\"P\u0159\u00edb\u011bhy hrab\u011bc\u00edch l\u00e1zn\u00ed k\u0159est publikace a dernis\u00e1\u017e v\u00fdstavy\"}]},{\"@type\":\"WebSite\",\"@id\":\"https:\/\/luhacovice.cz\/#website\",\"url\":\"https:\/\/luhacovice.cz\/\",\"name\":\"Luha\u010dovice.cz\",\"description\":\"Turistick\u00fd port\u00e1l Luha\u010dovice Pozlovice\",\"potentialAction\":[{\"@type\":\"SearchAction\",\"target\":{\"@type\":\"EntryPoint\",\"urlTemplate\":\"https:\/\/luhacovice.cz\/?s={search_term_string}\"},\"query-input\":\"required name=search_term_string\"}],\"inLanguage\":\"de\"}]}<\/script>\n<!-- \/ Yoast SEO plugin. -->","yoast_head_json":{"title":"P\u0159\u00edb\u011bhy hrab\u011bc\u00edch l\u00e1zn\u00ed k\u0159est publikace a dernis\u00e1\u017e v\u00fdstavy - Luha\u010dovice.cz","robots":{"index":"index","follow":"follow","max-snippet":"max-snippet:-1","max-image-preview":"max-image-preview:large","max-video-preview":"max-video-preview:-1"},"canonical":"https:\/\/luhacovice.cz\/akce\/474a-pribehy-hrabecich-lazni-krest-publikace-a-dernisaz-vystavy\/","og_locale":"de_DE","og_type":"article","og_title":"P\u0159\u00edb\u011bhy hrab\u011bc\u00edch l\u00e1zn\u00ed k\u0159est publikace a dernis\u00e1\u017e v\u00fdstavy - Luha\u010dovice.cz","og_description":"Muzeum jihov\u00fdchodn\u00ed Moravy ve Zl\u00edn\u011b V\u00e1s zve na rozlou\u010den\u00ed s v\u00fdstavou P\u0159\u00edb\u011bhy hrab\u011bc\u00edch l\u00e1zn\u00ed v Muzeu luha\u010dovick\u00e9ho Z\u00e1les\u00ed. Ve \u010dtvrtek 27.\u0159\u00edjna 2011 se v 10.00 a v 15.00 hodin uskute\u010dn\u00ed dv\u011b posledn\u00ed komentovan\u00e9 prohl\u00eddky. Pot\u00e9 n\u00e1sleduje 16.00 hodin k\u0159est publikace P\u0159\u00edb\u011bhy hrab\u011bc\u00edch l\u00e1zn\u00ed za \u00fa\u010dasti autora, v\u00fdtvarn\u00edka Akad. mal. Michala Zemana.","og_url":"https:\/\/luhacovice.cz\/akce\/474a-pribehy-hrabecich-lazni-krest-publikace-a-dernisaz-vystavy\/","og_site_name":"Luha\u010dovice.cz","twitter_card":"summary_large_image","schema":{"@context":"https:\/\/schema.org","@graph":[{"@type":"WebPage","@id":"https:\/\/luhacovice.cz\/akce\/474a-pribehy-hrabecich-lazni-krest-publikace-a-dernisaz-vystavy\/","url":"https:\/\/luhacovice.cz\/akce\/474a-pribehy-hrabecich-lazni-krest-publikace-a-dernisaz-vystavy\/","name":"P\u0159\u00edb\u011bhy hrab\u011bc\u00edch l\u00e1zn\u00ed k\u0159est publikace a dernis\u00e1\u017e v\u00fdstavy - Luha\u010dovice.cz","isPartOf":{"@id":"https:\/\/luhacovice.cz\/#website"},"datePublished":"2011-10-26T22:00:00+00:00","dateModified":"2011-10-26T22:00:00+00:00","breadcrumb":{"@id":"https:\/\/luhacovice.cz\/akce\/474a-pribehy-hrabecich-lazni-krest-publikace-a-dernisaz-vystavy\/#breadcrumb"},"inLanguage":"de","potentialAction":[{"@type":"ReadAction","target":["https:\/\/luhacovice.cz\/akce\/474a-pribehy-hrabecich-lazni-krest-publikace-a-dernisaz-vystavy\/"]}]},{"@type":"BreadcrumbList","@id":"https:\/\/luhacovice.cz\/akce\/474a-pribehy-hrabecich-lazni-krest-publikace-a-dernisaz-vystavy\/#breadcrumb","itemListElement":[{"@type":"ListItem","position":1,"name":"Home","item":"https:\/\/luhacovice.cz\/de\/"},{"@type":"ListItem","position":2,"name":"Akce","item":"https:\/\/luhacovice.cz\/akce\/"},{"@type":"ListItem","position":3,"name":"P\u0159\u00edb\u011bhy hrab\u011bc\u00edch l\u00e1zn\u00ed k\u0159est publikace a dernis\u00e1\u017e v\u00fdstavy"}]},{"@type":"WebSite","@id":"https:\/\/luhacovice.cz\/#website","url":"https:\/\/luhacovice.cz\/","name":"Luha\u010dovice.cz","description":"Turistick\u00fd port\u00e1l Luha\u010dovice Pozlovice","potentialAction":[{"@type":"SearchAction","target":{"@type":"EntryPoint","urlTemplate":"https:\/\/luhacovice.cz\/?s={search_term_string}"},"query-input":"required name=search_term_string"}],"inLanguage":"de"}]}},"_links":{"self":[{"href":"https:\/\/luhacovice.cz\/de\/wp-json\/wp\/v2\/akce\/5290"}],"collection":[{"href":"https:\/\/luhacovice.cz\/de\/wp-json\/wp\/v2\/akce"}],"about":[{"href":"https:\/\/luhacovice.cz\/de\/wp-json\/wp\/v2\/types\/akce"}],"wp:attachment":[{"href":"https:\/\/luhacovice.cz\/de\/wp-json\/wp\/v2\/media?parent=5290"}],"wp:term":[{"taxonomy":"druhy_akci","embeddable":true,"href":"https:\/\/luhacovice.cz\/de\/wp-json\/wp\/v2\/druhy_akci?post=5290"}],"curies":[{"name":"wp","href":"https:\/\/api.w.org\/{rel}","templated":true}]}}

Příběhy hraběcích lázní křest publikace a dernisáž výstavy

<p>Muzeum jihovýchodní Moravy ve Zlíně Vás zve na rozloučení s výstavou Příběhy hraběcích lázní v Muzeu luhačovického Zálesí.</p>
<p>Ve čtvrtek 27.října 2011 se v 10.00 a v 15.00 hodin uskuteční dvě poslední komentované prohlídky.</p>
<p>Poté následuje 16.00 hodin křest publikace Příběhy hraběcích lázní za účasti autora, výtvarníka Akad. mal. Michala Zemana.</p>

<!-- This site is optimized with the Yoast SEO plugin v20.4 - https://yoast.com/wordpress/plugins/seo/ -->
<title>Příběhy hraběcích lázní křest publikace a dernisáž výstavy - Luhačovice.cz</title>
<meta name="robots" content="index, follow, max-snippet:-1, max-image-preview:large, max-video-preview:-1" />
<link rel="canonical" href="https://luhacovice.cz/akce/474a-pribehy-hrabecich-lazni-krest-publikace-a-dernisaz-vystavy/" />
<meta property="og:locale" content="de_DE" />
<meta property="og:type" content="article" />
<meta property="og:title" content="Příběhy hraběcích lázní křest publikace a dernisáž výstavy - Luhačovice.cz" />
<meta property="og:description" content="Muzeum jihovýchodní Moravy ve Zlíně Vás zve na rozloučení s výstavou Příběhy hraběcích lázní v Muzeu luhačovického Zálesí. Ve čtvrtek 27.října 2011 se v 10.00 a v 15.00 hodin uskuteční dvě poslední komentované prohlídky. Poté následuje 16.00 hodin křest publikace Příběhy hraběcích lázní za účasti autora, výtvarníka Akad. mal. Michala Zemana." />
<meta property="og:url" content="https://luhacovice.cz/akce/474a-pribehy-hrabecich-lazni-krest-publikace-a-dernisaz-vystavy/" />
<meta property="og:site_name" content="Luhačovice.cz" />
<meta name="twitter:card" content="summary_large_image" />
<script type="application/ld+json" class="yoast-schema-graph">{"@context":"https://schema.org","@graph":[{"@type":"WebPage","@id":"https://luhacovice.cz/akce/474a-pribehy-hrabecich-lazni-krest-publikace-a-dernisaz-vystavy/","url":"https://luhacovice.cz/akce/474a-pribehy-hrabecich-lazni-krest-publikace-a-dernisaz-vystavy/","name":"Příběhy hraběcích lázní křest publikace a dernisáž výstavy - Luhačovice.cz","isPartOf":{"@id":"https://luhacovice.cz/#website"},"datePublished":"2011-10-26T22:00:00+00:00","dateModified":"2011-10-26T22:00:00+00:00","breadcrumb":{"@id":"https://luhacovice.cz/akce/474a-pribehy-hrabecich-lazni-krest-publikace-a-dernisaz-vystavy/#breadcrumb"},"inLanguage":"de","potentialAction":[{"@type":"ReadAction","target":["https://luhacovice.cz/akce/474a-pribehy-hrabecich-lazni-krest-publikace-a-dernisaz-vystavy/"]}]},{"@type":"BreadcrumbList","@id":"https://luhacovice.cz/akce/474a-pribehy-hrabecich-lazni-krest-publikace-a-dernisaz-vystavy/#breadcrumb","itemListElement":[{"@type":"ListItem","position":1,"name":"Home","item":"https://luhacovice.cz/de/"},{"@type":"ListItem","position":2,"name":"Akce","item":"https://luhacovice.cz/akce/"},{"@type":"ListItem","position":3,"name":"Příběhy hraběcích lázní křest publikace a dernisáž výstavy"}]},{"@type":"WebSite","@id":"https://luhacovice.cz/#website","url":"https://luhacovice.cz/","name":"Luhačovice.cz","description":"Turistický portál Luhačovice Pozlovice","potentialAction":[{"@type":"SearchAction","target":{"@type":"EntryPoint","urlTemplate":"https://luhacovice.cz/?s={search_term_string}"},"query-input":"required name=search_term_string"}],"inLanguage":"de"}]}</script>
<!-- / Yoast SEO plugin. -->

Příběhy hraběcích lázní křest publikace a dernisáž výstavy - Luhačovice.cz

Muzeum jihovýchodní Moravy ve Zlíně Vás zve na rozloučení s výstavou Příběhy hraběcích lázní v Muzeu luhačovického Zálesí. Ve čtvrtek 27.října 2011 se v 10.00 a v 15.00 hodin uskuteční dvě poslední komentované prohlídky. Poté následuje 16.00 hodin křest publikace Příběhy hraběcích lázní za účasti autora, výtvarníka Akad. mal. Michala Zemana.

Luhačovice.cz

Turistický portál Luhačovice Pozlovice
