{"id":5404,"date":"2012-03-25T00:00:00","date_gmt":"2012-03-24T23:00:00","guid":{"rendered":"https:\/\/luhacovice.cz\/akce\/548a-koncert-szidi-tobias-amp-band-at-se-dobre-deje\/"},"modified":"2012-03-25T00:00:00","modified_gmt":"2012-03-24T23:00:00","slug":"548a-koncert-szidi-tobias-amp-band-at-se-dobre-deje","status":"publish","type":"akce","link":"https:\/\/luhacovice.cz\/de\/akce\/548a-koncert-szidi-tobias-amp-band-at-se-dobre-deje\/","title":{"rendered":"Koncert \/ Szidi Tobias &amp; band  \u2013 A\u0165 se dobr\u00e9 d\u011bje"},"content":{"rendered":"<p><span style=\"color: black; font-size: small;\"><a href=\"http:\/\/luhacovice.cz\/wcd\/actions\/2012\/02\/sziditobias.jpg\" title=\"Szidi Tobias\" rel=\"example1\"><img decoding=\"async\" class=\"img imgl\" src=\"http:\/\/luhacovice.cz\/wcd\/actions\/2012\/02\/thumb\/sziditobias.jpg\" border=\"0\" alt=\"Szidi Tobias\" width=\"190\" height=\"134\" \/><\/a><\/span><\/p>\n<p><span style=\"color: black; font-size: small;\">Nov\u00e9 turn\u00e9  Szidi  Tobias\u00a0A\u0165 se dobr\u00e9 d\u011bje<strong><em> <\/em><\/strong>p\u0159edstavuje zbrusu nov\u00e9 p\u00edsn\u011b slovensk\u00e9 \u0161ansonov\u00e9  zp\u011bva\u010dky. Sv\u00fdm chraplav\u00fdm a z\u00e1rove\u0148 sametov\u00fdm hlasem nech\u00e1v\u00e1 vzduchem poletovat  p\u00edsn\u011b pln\u00e9 melancholie, radosti i bl\u00e1znovstv\u00ed. Krom\u011b nov\u00fdch p\u00edsn\u00ed autorsk\u00e9  dvojice\u00a0Milana Vysko\u010d\u00e1niho\u00a0(hudba)  a\u00a0Petera Lipovsk\u00e9ho\u00a0(texty) zazn\u00ed tak\u00e9  obl\u00edben\u00e9 p\u00edsn\u011b nap\u0159. Na hotelu v Olomouci, Milovan\u00e1, Tak m\u00e1lo l\u00e1sky a mnoho  dal\u0161\u00edch.\u00da\u010dinkuj\u00ed:<\/span><span style=\"font-size: small;\"><span style=\"color: black;\"> Szidi  Tobias<\/span><span style=\"color: black;\"> \u2013 zp\u011bv<\/span><\/span><span style=\"color: black; font-size: small;\">, Milan Vysko\u010d\u00e1ni\u00a0 \u2013  kytara, Ajd\u017ei Sabo \u2013  bic\u00ed, Dana Homolov\u00e1 \u2013\u00a0  fl\u00e9tna, Milan Osadsk\u00fd \u00a0\u2013  akordeon, Andrej G\u00e1l \u00a0\u2013  violoncello<\/span><\/p>\n<p><span style=\"color: black; font-size: small;\"> <\/span><\/p>\n<p><span style=\"color: black; font-size: small;\">Stolov\u00e9  uspo\u0159\u00e1d\u00e1n\u00ed s\u00e1lu, bar 1 hodinu p\u0159ed koncertem  otev\u0159en<\/span><\/p>\n<p><span style=\"color: black; font-size: small;\">D\u00e9lka vystoupen\u00ed: 2  hodiny<\/span><\/p>\n<p style=\"text-align: left;\"><span style=\"color: black; font-size: small;\"><strong> Sponzor akce: Penzion Stella, Soln\u00e9 1010, Luha\u010dovice<\/strong><br \/><\/span><\/p>\n","protected":false},"featured_media":0,"template":"","meta":[],"druhy_akci":[23],"yoast_head":"<!-- This site is optimized with the Yoast SEO plugin v20.4 - https:\/\/yoast.com\/wordpress\/plugins\/seo\/ -->\n<title>Koncert \/ Szidi Tobias &amp; band \u2013 A\u0165 se dobr\u00e9 d\u011bje - Luha\u010dovice.cz<\/title>\n<meta name=\"robots\" content=\"index, follow, max-snippet:-1, max-image-preview:large, max-video-preview:-1\" \/>\n<link rel=\"canonical\" href=\"https:\/\/luhacovice.cz\/akce\/548a-koncert-szidi-tobias-amp-band-at-se-dobre-deje\/\" \/>\n<meta property=\"og:locale\" content=\"de_DE\" \/>\n<meta property=\"og:type\" content=\"article\" \/>\n<meta property=\"og:title\" content=\"Koncert \/ Szidi Tobias &amp; band \u2013 A\u0165 se dobr\u00e9 d\u011bje - Luha\u010dovice.cz\" \/>\n<meta property=\"og:description\" content=\"Nov\u00e9 turn\u00e9 Szidi Tobias\u00a0A\u0165 se dobr\u00e9 d\u011bje p\u0159edstavuje zbrusu nov\u00e9 p\u00edsn\u011b slovensk\u00e9 \u0161ansonov\u00e9 zp\u011bva\u010dky. Sv\u00fdm chraplav\u00fdm a z\u00e1rove\u0148 sametov\u00fdm hlasem nech\u00e1v\u00e1 vzduchem poletovat p\u00edsn\u011b pln\u00e9 melancholie, radosti i bl\u00e1znovstv\u00ed. Krom\u011b nov\u00fdch p\u00edsn\u00ed autorsk\u00e9 dvojice\u00a0Milana Vysko\u010d\u00e1niho\u00a0(hudba) a\u00a0Petera Lipovsk\u00e9ho\u00a0(texty) zazn\u00ed tak\u00e9 obl\u00edben\u00e9 p\u00edsn\u011b nap\u0159. Na hotelu v Olomouci, Milovan\u00e1, Tak m\u00e1lo l\u00e1sky a mnoho dal\u0161\u00edch.\u00da\u010dinkuj\u00ed: Szidi Tobias... Artikel ansehen\" \/>\n<meta property=\"og:url\" content=\"https:\/\/luhacovice.cz\/akce\/548a-koncert-szidi-tobias-amp-band-at-se-dobre-deje\/\" \/>\n<meta property=\"og:site_name\" content=\"Luha\u010dovice.cz\" \/>\n<meta property=\"og:image\" content=\"http:\/\/luhacovice.cz\/wcd\/actions\/2012\/02\/thumb\/sziditobias.jpg\" \/>\n<meta name=\"twitter:card\" content=\"summary_large_image\" \/>\n<meta name=\"twitter:label1\" content=\"Gesch\u00e4tzte Lesezeit\" \/>\n\t<meta name=\"twitter:data1\" content=\"1\u00a0Minute\" \/>\n<script type=\"application\/ld+json\" class=\"yoast-schema-graph\">{\"@context\":\"https:\/\/schema.org\",\"@graph\":[{\"@type\":\"WebPage\",\"@id\":\"https:\/\/luhacovice.cz\/akce\/548a-koncert-szidi-tobias-amp-band-at-se-dobre-deje\/\",\"url\":\"https:\/\/luhacovice.cz\/akce\/548a-koncert-szidi-tobias-amp-band-at-se-dobre-deje\/\",\"name\":\"Koncert \/ Szidi Tobias &amp; band \u2013 A\u0165 se dobr\u00e9 d\u011bje - Luha\u010dovice.cz\",\"isPartOf\":{\"@id\":\"https:\/\/luhacovice.cz\/#website\"},\"datePublished\":\"2012-03-24T23:00:00+00:00\",\"dateModified\":\"2012-03-24T23:00:00+00:00\",\"breadcrumb\":{\"@id\":\"https:\/\/luhacovice.cz\/akce\/548a-koncert-szidi-tobias-amp-band-at-se-dobre-deje\/#breadcrumb\"},\"inLanguage\":\"de\",\"potentialAction\":[{\"@type\":\"ReadAction\",\"target\":[\"https:\/\/luhacovice.cz\/akce\/548a-koncert-szidi-tobias-amp-band-at-se-dobre-deje\/\"]}]},{\"@type\":\"BreadcrumbList\",\"@id\":\"https:\/\/luhacovice.cz\/akce\/548a-koncert-szidi-tobias-amp-band-at-se-dobre-deje\/#breadcrumb\",\"itemListElement\":[{\"@type\":\"ListItem\",\"position\":1,\"name\":\"Home\",\"item\":\"https:\/\/luhacovice.cz\/de\/\"},{\"@type\":\"ListItem\",\"position\":2,\"name\":\"Akce\",\"item\":\"https:\/\/luhacovice.cz\/akce\/\"},{\"@type\":\"ListItem\",\"position\":3,\"name\":\"Koncert \/ Szidi Tobias &amp; band \u2013 A\u0165 se dobr\u00e9 d\u011bje\"}]},{\"@type\":\"WebSite\",\"@id\":\"https:\/\/luhacovice.cz\/#website\",\"url\":\"https:\/\/luhacovice.cz\/\",\"name\":\"Luha\u010dovice.cz\",\"description\":\"Turistick\u00fd port\u00e1l Luha\u010dovice Pozlovice\",\"potentialAction\":[{\"@type\":\"SearchAction\",\"target\":{\"@type\":\"EntryPoint\",\"urlTemplate\":\"https:\/\/luhacovice.cz\/?s={search_term_string}\"},\"query-input\":\"required name=search_term_string\"}],\"inLanguage\":\"de\"}]}<\/script>\n<!-- \/ Yoast SEO plugin. -->","yoast_head_json":{"title":"Koncert \/ Szidi Tobias &amp; band \u2013 A\u0165 se dobr\u00e9 d\u011bje - Luha\u010dovice.cz","robots":{"index":"index","follow":"follow","max-snippet":"max-snippet:-1","max-image-preview":"max-image-preview:large","max-video-preview":"max-video-preview:-1"},"canonical":"https:\/\/luhacovice.cz\/akce\/548a-koncert-szidi-tobias-amp-band-at-se-dobre-deje\/","og_locale":"de_DE","og_type":"article","og_title":"Koncert \/ Szidi Tobias &amp; band \u2013 A\u0165 se dobr\u00e9 d\u011bje - Luha\u010dovice.cz","og_description":"Nov\u00e9 turn\u00e9 Szidi Tobias\u00a0A\u0165 se dobr\u00e9 d\u011bje p\u0159edstavuje zbrusu nov\u00e9 p\u00edsn\u011b slovensk\u00e9 \u0161ansonov\u00e9 zp\u011bva\u010dky. Sv\u00fdm chraplav\u00fdm a z\u00e1rove\u0148 sametov\u00fdm hlasem nech\u00e1v\u00e1 vzduchem poletovat p\u00edsn\u011b pln\u00e9 melancholie, radosti i bl\u00e1znovstv\u00ed. Krom\u011b nov\u00fdch p\u00edsn\u00ed autorsk\u00e9 dvojice\u00a0Milana Vysko\u010d\u00e1niho\u00a0(hudba) a\u00a0Petera Lipovsk\u00e9ho\u00a0(texty) zazn\u00ed tak\u00e9 obl\u00edben\u00e9 p\u00edsn\u011b nap\u0159. Na hotelu v Olomouci, Milovan\u00e1, Tak m\u00e1lo l\u00e1sky a mnoho dal\u0161\u00edch.\u00da\u010dinkuj\u00ed: Szidi Tobias... Artikel ansehen","og_url":"https:\/\/luhacovice.cz\/akce\/548a-koncert-szidi-tobias-amp-band-at-se-dobre-deje\/","og_site_name":"Luha\u010dovice.cz","og_image":[{"url":"http:\/\/luhacovice.cz\/wcd\/actions\/2012\/02\/thumb\/sziditobias.jpg"}],"twitter_card":"summary_large_image","twitter_misc":{"Gesch\u00e4tzte Lesezeit":"1\u00a0Minute"},"schema":{"@context":"https:\/\/schema.org","@graph":[{"@type":"WebPage","@id":"https:\/\/luhacovice.cz\/akce\/548a-koncert-szidi-tobias-amp-band-at-se-dobre-deje\/","url":"https:\/\/luhacovice.cz\/akce\/548a-koncert-szidi-tobias-amp-band-at-se-dobre-deje\/","name":"Koncert \/ Szidi Tobias &amp; band \u2013 A\u0165 se dobr\u00e9 d\u011bje - Luha\u010dovice.cz","isPartOf":{"@id":"https:\/\/luhacovice.cz\/#website"},"datePublished":"2012-03-24T23:00:00+00:00","dateModified":"2012-03-24T23:00:00+00:00","breadcrumb":{"@id":"https:\/\/luhacovice.cz\/akce\/548a-koncert-szidi-tobias-amp-band-at-se-dobre-deje\/#breadcrumb"},"inLanguage":"de","potentialAction":[{"@type":"ReadAction","target":["https:\/\/luhacovice.cz\/akce\/548a-koncert-szidi-tobias-amp-band-at-se-dobre-deje\/"]}]},{"@type":"BreadcrumbList","@id":"https:\/\/luhacovice.cz\/akce\/548a-koncert-szidi-tobias-amp-band-at-se-dobre-deje\/#breadcrumb","itemListElement":[{"@type":"ListItem","position":1,"name":"Home","item":"https:\/\/luhacovice.cz\/de\/"},{"@type":"ListItem","position":2,"name":"Akce","item":"https:\/\/luhacovice.cz\/akce\/"},{"@type":"ListItem","position":3,"name":"Koncert \/ Szidi Tobias &amp; band \u2013 A\u0165 se dobr\u00e9 d\u011bje"}]},{"@type":"WebSite","@id":"https:\/\/luhacovice.cz\/#website","url":"https:\/\/luhacovice.cz\/","name":"Luha\u010dovice.cz","description":"Turistick\u00fd port\u00e1l Luha\u010dovice Pozlovice","potentialAction":[{"@type":"SearchAction","target":{"@type":"EntryPoint","urlTemplate":"https:\/\/luhacovice.cz\/?s={search_term_string}"},"query-input":"required name=search_term_string"}],"inLanguage":"de"}]}},"_links":{"self":[{"href":"https:\/\/luhacovice.cz\/de\/wp-json\/wp\/v2\/akce\/5404"}],"collection":[{"href":"https:\/\/luhacovice.cz\/de\/wp-json\/wp\/v2\/akce"}],"about":[{"href":"https:\/\/luhacovice.cz\/de\/wp-json\/wp\/v2\/types\/akce"}],"wp:attachment":[{"href":"https:\/\/luhacovice.cz\/de\/wp-json\/wp\/v2\/media?parent=5404"}],"wp:term":[{"taxonomy":"druhy_akci","embeddable":true,"href":"https:\/\/luhacovice.cz\/de\/wp-json\/wp\/v2\/druhy_akci?post=5404"}],"curies":[{"name":"wp","href":"https:\/\/api.w.org\/{rel}","templated":true}]}}

Koncert / Szidi Tobias &amp; band  – Ať se dobré děje

<p><span style="color: black; font-size: small;"><a href="http://luhacovice.cz/wcd/actions/2012/02/sziditobias.jpg" title="Szidi Tobias" rel="example1"><img decoding="async" class="img imgl" src="http://luhacovice.cz/wcd/actions/2012/02/thumb/sziditobias.jpg" border="0" alt="Szidi Tobias" width="190" height="134" /></a></span></p>
<p><span style="color: black; font-size: small;">Nové turné  Szidi  Tobias Ať se dobré děje<strong><em> </em></strong>představuje zbrusu nové písně slovenské šansonové  zpěvačky. Svým chraplavým a zároveň sametovým hlasem nechává vzduchem poletovat  písně plné melancholie, radosti i bláznovství. Kromě nových písní autorské  dvojice Milana Vyskočániho (hudba)  a Petera Lipovského (texty) zazní také  oblíbené písně např. Na hotelu v Olomouci, Milovaná, Tak málo lásky a mnoho  dalších.Účinkují:</span><span style="font-size: small;"><span style="color: black;"> Szidi  Tobias</span><span style="color: black;"> – zpěv</span></span><span style="color: black; font-size: small;">, Milan Vyskočáni  –  kytara, Ajdži Sabo –  bicí, Dana Homolová –   flétna, Milan Osadský  –  akordeon, Andrej Gál  –  violoncello</span></p>
<p><span style="color: black; font-size: small;"> </span></p>
<p><span style="color: black; font-size: small;">Stolové  uspořádání sálu, bar 1 hodinu před koncertem  otevřen</span></p>
<p><span style="color: black; font-size: small;">Délka vystoupení: 2  hodiny</span></p>
<p style="text-align: left;"><span style="color: black; font-size: small;"><strong> Sponzor akce: Penzion Stella, Solné 1010, Luhačovice</strong><br /></span></p>

<!-- This site is optimized with the Yoast SEO plugin v20.4 - https://yoast.com/wordpress/plugins/seo/ -->
<title>Koncert / Szidi Tobias &amp; band – Ať se dobré děje - Luhačovice.cz</title>
<meta name="robots" content="index, follow, max-snippet:-1, max-image-preview:large, max-video-preview:-1" />
<link rel="canonical" href="https://luhacovice.cz/akce/548a-koncert-szidi-tobias-amp-band-at-se-dobre-deje/" />
<meta property="og:locale" content="de_DE" />
<meta property="og:type" content="article" />
<meta property="og:title" content="Koncert / Szidi Tobias &amp; band – Ať se dobré děje - Luhačovice.cz" />
<meta property="og:description" content="Nové turné Szidi Tobias Ať se dobré děje představuje zbrusu nové písně slovenské šansonové zpěvačky. Svým chraplavým a zároveň sametovým hlasem nechává vzduchem poletovat písně plné melancholie, radosti i bláznovství. Kromě nových písní autorské dvojice Milana Vyskočániho (hudba) a Petera Lipovského (texty) zazní také oblíbené písně např. Na hotelu v Olomouci, Milovaná, Tak málo lásky a mnoho dalších.Účinkují: Szidi Tobias... Artikel ansehen" />
<meta property="og:url" content="https://luhacovice.cz/akce/548a-koncert-szidi-tobias-amp-band-at-se-dobre-deje/" />
<meta property="og:site_name" content="Luhačovice.cz" />
<meta property="og:image" content="http://luhacovice.cz/wcd/actions/2012/02/thumb/sziditobias.jpg" />
<meta name="twitter:card" content="summary_large_image" />
<meta name="twitter:label1" content="Geschätzte Lesezeit" />
	<meta name="twitter:data1" content="1 Minute" />
<script type="application/ld+json" class="yoast-schema-graph">{"@context":"https://schema.org","@graph":[{"@type":"WebPage","@id":"https://luhacovice.cz/akce/548a-koncert-szidi-tobias-amp-band-at-se-dobre-deje/","url":"https://luhacovice.cz/akce/548a-koncert-szidi-tobias-amp-band-at-se-dobre-deje/","name":"Koncert / Szidi Tobias &amp; band – Ať se dobré děje - Luhačovice.cz","isPartOf":{"@id":"https://luhacovice.cz/#website"},"datePublished":"2012-03-24T23:00:00+00:00","dateModified":"2012-03-24T23:00:00+00:00","breadcrumb":{"@id":"https://luhacovice.cz/akce/548a-koncert-szidi-tobias-amp-band-at-se-dobre-deje/#breadcrumb"},"inLanguage":"de","potentialAction":[{"@type":"ReadAction","target":["https://luhacovice.cz/akce/548a-koncert-szidi-tobias-amp-band-at-se-dobre-deje/"]}]},{"@type":"BreadcrumbList","@id":"https://luhacovice.cz/akce/548a-koncert-szidi-tobias-amp-band-at-se-dobre-deje/#breadcrumb","itemListElement":[{"@type":"ListItem","position":1,"name":"Home","item":"https://luhacovice.cz/de/"},{"@type":"ListItem","position":2,"name":"Akce","item":"https://luhacovice.cz/akce/"},{"@type":"ListItem","position":3,"name":"Koncert / Szidi Tobias &amp; band – Ať se dobré děje"}]},{"@type":"WebSite","@id":"https://luhacovice.cz/#website","url":"https://luhacovice.cz/","name":"Luhačovice.cz","description":"Turistický portál Luhačovice Pozlovice","potentialAction":[{"@type":"SearchAction","target":{"@type":"EntryPoint","urlTemplate":"https://luhacovice.cz/?s={search_term_string}"},"query-input":"required name=search_term_string"}],"inLanguage":"de"}]}</script>
<!-- / Yoast SEO plugin. -->

Koncert / Szidi Tobias &amp; band – Ať se dobré děje - Luhačovice.cz

Nové turné Szidi Tobias Ať se dobré děje představuje zbrusu nové písně slovenské šansonové zpěvačky. Svým chraplavým a zároveň sametovým hlasem nechává vzduchem poletovat písně plné melancholie, radosti i bláznovství. Kromě nových písní autorské dvojice Milana Vyskočániho (hudba) a Petera Lipovského (texty) zazní také oblíbené písně např. Na hotelu v Olomouci, Milovaná, Tak málo lásky a mnoho dalších.Účinkují: Szidi Tobias... Artikel ansehen

Luhačovice.cz

Koncert / Szidi Tobias &amp; band – Ať se dobré děje

Turistický portál Luhačovice Pozlovice
