{"id":5449,"date":"2012-05-23T00:00:00","date_gmt":"2012-05-22T22:00:00","guid":{"rendered":"https:\/\/luhacovice.cz\/akce\/617a-koncert-vim-vzpominas\/"},"modified":"2012-05-23T00:00:00","modified_gmt":"2012-05-22T22:00:00","slug":"617a-koncert-vim-vzpominas","status":"publish","type":"akce","link":"https:\/\/luhacovice.cz\/de\/akce\/617a-koncert-vim-vzpominas\/","title":{"rendered":"Koncert \/ V\u00edm, vzpom\u00edn\u00e1\u0161 \u2026"},"content":{"rendered":"<p>Ve\u010der operetn\u00edch melodi\u00ed v\u00a0pod\u00e1n\u00ed s\u00f3list\u016f M\u011bstsk\u00e9ho divadla Brno.<\/p>\n<p>\u00da\u010dinkuj\u00ed: L. Bartol\u0161icov\u00e1, M. Vitkov\u00e1, M. \u010c\u00ed\u017eek<\/p>\n","protected":false},"featured_media":0,"template":"","meta":[],"druhy_akci":[23],"yoast_head":"<!-- This site is optimized with the Yoast SEO plugin v20.4 - https:\/\/yoast.com\/wordpress\/plugins\/seo\/ -->\n<title>Koncert \/ V\u00edm, vzpom\u00edn\u00e1\u0161 \u2026 - Luha\u010dovice.cz<\/title>\n<meta name=\"robots\" content=\"index, follow, max-snippet:-1, max-image-preview:large, max-video-preview:-1\" \/>\n<link rel=\"canonical\" href=\"https:\/\/luhacovice.cz\/akce\/617a-koncert-vim-vzpominas\/\" \/>\n<meta property=\"og:locale\" content=\"de_DE\" \/>\n<meta property=\"og:type\" content=\"article\" \/>\n<meta property=\"og:title\" content=\"Koncert \/ V\u00edm, vzpom\u00edn\u00e1\u0161 \u2026 - Luha\u010dovice.cz\" \/>\n<meta property=\"og:description\" content=\"Ve\u010der operetn\u00edch melodi\u00ed v\u00a0pod\u00e1n\u00ed s\u00f3list\u016f M\u011bstsk\u00e9ho divadla Brno. \u00da\u010dinkuj\u00ed: L. Bartol\u0161icov\u00e1, M. Vitkov\u00e1, M. \u010c\u00ed\u017eek\" \/>\n<meta property=\"og:url\" content=\"https:\/\/luhacovice.cz\/akce\/617a-koncert-vim-vzpominas\/\" \/>\n<meta property=\"og:site_name\" content=\"Luha\u010dovice.cz\" \/>\n<meta name=\"twitter:card\" content=\"summary_large_image\" \/>\n<script type=\"application\/ld+json\" class=\"yoast-schema-graph\">{\"@context\":\"https:\/\/schema.org\",\"@graph\":[{\"@type\":\"WebPage\",\"@id\":\"https:\/\/luhacovice.cz\/akce\/617a-koncert-vim-vzpominas\/\",\"url\":\"https:\/\/luhacovice.cz\/akce\/617a-koncert-vim-vzpominas\/\",\"name\":\"Koncert \/ V\u00edm, vzpom\u00edn\u00e1\u0161 \u2026 - Luha\u010dovice.cz\",\"isPartOf\":{\"@id\":\"https:\/\/luhacovice.cz\/#website\"},\"datePublished\":\"2012-05-22T22:00:00+00:00\",\"dateModified\":\"2012-05-22T22:00:00+00:00\",\"breadcrumb\":{\"@id\":\"https:\/\/luhacovice.cz\/akce\/617a-koncert-vim-vzpominas\/#breadcrumb\"},\"inLanguage\":\"de\",\"potentialAction\":[{\"@type\":\"ReadAction\",\"target\":[\"https:\/\/luhacovice.cz\/akce\/617a-koncert-vim-vzpominas\/\"]}]},{\"@type\":\"BreadcrumbList\",\"@id\":\"https:\/\/luhacovice.cz\/akce\/617a-koncert-vim-vzpominas\/#breadcrumb\",\"itemListElement\":[{\"@type\":\"ListItem\",\"position\":1,\"name\":\"Home\",\"item\":\"https:\/\/luhacovice.cz\/de\/\"},{\"@type\":\"ListItem\",\"position\":2,\"name\":\"Akce\",\"item\":\"https:\/\/luhacovice.cz\/akce\/\"},{\"@type\":\"ListItem\",\"position\":3,\"name\":\"Koncert \/ V\u00edm, vzpom\u00edn\u00e1\u0161 \u2026\"}]},{\"@type\":\"WebSite\",\"@id\":\"https:\/\/luhacovice.cz\/#website\",\"url\":\"https:\/\/luhacovice.cz\/\",\"name\":\"Luha\u010dovice.cz\",\"description\":\"Turistick\u00fd port\u00e1l Luha\u010dovice Pozlovice\",\"potentialAction\":[{\"@type\":\"SearchAction\",\"target\":{\"@type\":\"EntryPoint\",\"urlTemplate\":\"https:\/\/luhacovice.cz\/?s={search_term_string}\"},\"query-input\":\"required name=search_term_string\"}],\"inLanguage\":\"de\"}]}<\/script>\n<!-- \/ Yoast SEO plugin. -->","yoast_head_json":{"title":"Koncert \/ V\u00edm, vzpom\u00edn\u00e1\u0161 \u2026 - Luha\u010dovice.cz","robots":{"index":"index","follow":"follow","max-snippet":"max-snippet:-1","max-image-preview":"max-image-preview:large","max-video-preview":"max-video-preview:-1"},"canonical":"https:\/\/luhacovice.cz\/akce\/617a-koncert-vim-vzpominas\/","og_locale":"de_DE","og_type":"article","og_title":"Koncert \/ V\u00edm, vzpom\u00edn\u00e1\u0161 \u2026 - Luha\u010dovice.cz","og_description":"Ve\u010der operetn\u00edch melodi\u00ed v\u00a0pod\u00e1n\u00ed s\u00f3list\u016f M\u011bstsk\u00e9ho divadla Brno. \u00da\u010dinkuj\u00ed: L. Bartol\u0161icov\u00e1, M. Vitkov\u00e1, M. \u010c\u00ed\u017eek","og_url":"https:\/\/luhacovice.cz\/akce\/617a-koncert-vim-vzpominas\/","og_site_name":"Luha\u010dovice.cz","twitter_card":"summary_large_image","schema":{"@context":"https:\/\/schema.org","@graph":[{"@type":"WebPage","@id":"https:\/\/luhacovice.cz\/akce\/617a-koncert-vim-vzpominas\/","url":"https:\/\/luhacovice.cz\/akce\/617a-koncert-vim-vzpominas\/","name":"Koncert \/ V\u00edm, vzpom\u00edn\u00e1\u0161 \u2026 - Luha\u010dovice.cz","isPartOf":{"@id":"https:\/\/luhacovice.cz\/#website"},"datePublished":"2012-05-22T22:00:00+00:00","dateModified":"2012-05-22T22:00:00+00:00","breadcrumb":{"@id":"https:\/\/luhacovice.cz\/akce\/617a-koncert-vim-vzpominas\/#breadcrumb"},"inLanguage":"de","potentialAction":[{"@type":"ReadAction","target":["https:\/\/luhacovice.cz\/akce\/617a-koncert-vim-vzpominas\/"]}]},{"@type":"BreadcrumbList","@id":"https:\/\/luhacovice.cz\/akce\/617a-koncert-vim-vzpominas\/#breadcrumb","itemListElement":[{"@type":"ListItem","position":1,"name":"Home","item":"https:\/\/luhacovice.cz\/de\/"},{"@type":"ListItem","position":2,"name":"Akce","item":"https:\/\/luhacovice.cz\/akce\/"},{"@type":"ListItem","position":3,"name":"Koncert \/ V\u00edm, vzpom\u00edn\u00e1\u0161 \u2026"}]},{"@type":"WebSite","@id":"https:\/\/luhacovice.cz\/#website","url":"https:\/\/luhacovice.cz\/","name":"Luha\u010dovice.cz","description":"Turistick\u00fd port\u00e1l Luha\u010dovice Pozlovice","potentialAction":[{"@type":"SearchAction","target":{"@type":"EntryPoint","urlTemplate":"https:\/\/luhacovice.cz\/?s={search_term_string}"},"query-input":"required name=search_term_string"}],"inLanguage":"de"}]}},"_links":{"self":[{"href":"https:\/\/luhacovice.cz\/de\/wp-json\/wp\/v2\/akce\/5449"}],"collection":[{"href":"https:\/\/luhacovice.cz\/de\/wp-json\/wp\/v2\/akce"}],"about":[{"href":"https:\/\/luhacovice.cz\/de\/wp-json\/wp\/v2\/types\/akce"}],"wp:attachment":[{"href":"https:\/\/luhacovice.cz\/de\/wp-json\/wp\/v2\/media?parent=5449"}],"wp:term":[{"taxonomy":"druhy_akci","embeddable":true,"href":"https:\/\/luhacovice.cz\/de\/wp-json\/wp\/v2\/druhy_akci?post=5449"}],"curies":[{"name":"wp","href":"https:\/\/api.w.org\/{rel}","templated":true}]}}

Koncert / Vím, vzpomínáš …

<p>Večer operetních melodií v podání sólistů Městského divadla Brno.</p>
<p>Účinkují: L. Bartolšicová, M. Vitková, M. Čížek</p>

<!-- This site is optimized with the Yoast SEO plugin v20.4 - https://yoast.com/wordpress/plugins/seo/ -->
<title>Koncert / Vím, vzpomínáš … - Luhačovice.cz</title>
<meta name="robots" content="index, follow, max-snippet:-1, max-image-preview:large, max-video-preview:-1" />
<link rel="canonical" href="https://luhacovice.cz/akce/617a-koncert-vim-vzpominas/" />
<meta property="og:locale" content="de_DE" />
<meta property="og:type" content="article" />
<meta property="og:title" content="Koncert / Vím, vzpomínáš … - Luhačovice.cz" />
<meta property="og:description" content="Večer operetních melodií v podání sólistů Městského divadla Brno. Účinkují: L. Bartolšicová, M. Vitková, M. Čížek" />
<meta property="og:url" content="https://luhacovice.cz/akce/617a-koncert-vim-vzpominas/" />
<meta property="og:site_name" content="Luhačovice.cz" />
<meta name="twitter:card" content="summary_large_image" />
<script type="application/ld+json" class="yoast-schema-graph">{"@context":"https://schema.org","@graph":[{"@type":"WebPage","@id":"https://luhacovice.cz/akce/617a-koncert-vim-vzpominas/","url":"https://luhacovice.cz/akce/617a-koncert-vim-vzpominas/","name":"Koncert / Vím, vzpomínáš … - Luhačovice.cz","isPartOf":{"@id":"https://luhacovice.cz/#website"},"datePublished":"2012-05-22T22:00:00+00:00","dateModified":"2012-05-22T22:00:00+00:00","breadcrumb":{"@id":"https://luhacovice.cz/akce/617a-koncert-vim-vzpominas/#breadcrumb"},"inLanguage":"de","potentialAction":[{"@type":"ReadAction","target":["https://luhacovice.cz/akce/617a-koncert-vim-vzpominas/"]}]},{"@type":"BreadcrumbList","@id":"https://luhacovice.cz/akce/617a-koncert-vim-vzpominas/#breadcrumb","itemListElement":[{"@type":"ListItem","position":1,"name":"Home","item":"https://luhacovice.cz/de/"},{"@type":"ListItem","position":2,"name":"Akce","item":"https://luhacovice.cz/akce/"},{"@type":"ListItem","position":3,"name":"Koncert / Vím, vzpomínáš …"}]},{"@type":"WebSite","@id":"https://luhacovice.cz/#website","url":"https://luhacovice.cz/","name":"Luhačovice.cz","description":"Turistický portál Luhačovice Pozlovice","potentialAction":[{"@type":"SearchAction","target":{"@type":"EntryPoint","urlTemplate":"https://luhacovice.cz/?s={search_term_string}"},"query-input":"required name=search_term_string"}],"inLanguage":"de"}]}</script>
<!-- / Yoast SEO plugin. -->

Koncert / Vím, vzpomínáš … - Luhačovice.cz

Večer operetních melodií v podání sólistů Městského divadla Brno. Účinkují: L. Bartolšicová, M. Vitková, M. Čížek

Luhačovice.cz

Turistický portál Luhačovice Pozlovice
