{"id":5691,"date":"2013-08-30T00:00:00","date_gmt":"2013-08-29T22:00:00","guid":{"rendered":"https:\/\/luhacovice.cz\/akce\/1451a-recital-gabriely-demeterove\/"},"modified":"2013-08-30T00:00:00","modified_gmt":"2013-08-29T22:00:00","slug":"1451a-recital-gabriely-demeterove","status":"publish","type":"akce","link":"https:\/\/luhacovice.cz\/de\/akce\/1451a-recital-gabriely-demeterove\/","title":{"rendered":"Recit\u00e1l Gabriely Demeterov\u00e9 (Beethoven: Hudba a du\u0161e g\u00e9nia)"},"content":{"rendered":"<p>Gabrilea Demeterov\u00e1 je \u201ehv\u011bzdou 3. tis\u00edcilet\u00ed\u201c &#8211; Houslistka, violistka, s\u00f3listka sv\u011btov\u00fdch orchestr\u016f, prvn\u00ed \u010desk\u00e1 finalistka a absolutn\u00ed v\u00edt\u011bzka Mezin\u00e1rodn\u00ed houslov\u00e9 sout\u011b\u017ee Yehudi Menuhina v\u00a0Anglii, \u010dlenka um\u011bleck\u00e9 rady Akademie m\u00fazick\u00fdch um\u011bn\u00ed v\u00a0Praze, dr\u017eitelka ocen\u011bn\u00ed \u201e\u017dena roku 2005\u201c v\u00a0sout\u011b\u017ei presti\u017en\u00edho \u010dasopisu Prague Leaders Magazin.<\/p>\n<p>Hlavn\u00ed my\u0161lenkou a obsahem recit\u00e1l\u016f s n\u00e1zvem \u201d Ludwig van Beethoven \u2013 Hudba a du\u0161e g\u00e9nia\u201d bude p\u0159ibl\u00ed\u017eit \u010desk\u00e9mu obecenstvu v netradi\u010dn\u00edm pojet\u00ed jednoho z nejv\u011bt\u0161\u00edch gigant\u016f sv\u011btov\u00e9 klasick\u00e9 hudby, jeho slavn\u00e9 son\u00e1ty pro housle a klav\u00edr, ale tak\u00e9 jeho du\u0161i a lidsk\u00fd rozm\u011br v jeho dochovan\u00e9 soukrom\u00e9 korespondenci interpretovan\u00e9 neopakovateln\u00fdm zp\u016fsobem vynikaj\u00edc\u00edm divadeln\u00edm a filmov\u00fdm hercem Marianem Rodenem, kter\u00e9ho Gabriela Demeterov\u00e1 p\u0159izvala exkluzivn\u011b ke spolupr\u00e1ci pr\u00e1v\u011b v r\u00e1mci tohoto cyklu houslov\u00fdch recit\u00e1l\u016f, aby se tak slavn\u00e9 houslov\u00e9 son\u00e1ty staly melodramem, kter\u00fd poodhal\u00ed pravou tv\u00e1\u0159 L. v. Beethovena. Gabriela Demeterov\u00e1 po projektech, kter\u00e9 v minulosti prezentovaly hudbu W. A. Mozarta, H. I. F. Bibera, \u010di nyn\u00ed vydan\u00e9 cd s kompletn\u00ed nahr\u00e1vkou cyklu Opella Ecclesiastica \u010desk\u00e9ho barokn\u00edho skladatele J. A. Pl\u00e1nick\u00e9ho, p\u0159ich\u00e1z\u00ed s hudbou, kter\u00e1 se dot\u00fdk\u00e1 klasicismu a p\u0159edznamen\u00e1v\u00e1 romantismu, aby svou osobitou interpretac\u00ed a vyj\u00edme\u010dn\u00fdmi hosty zprost\u0159edkovala \u010desk\u00e9mu publiku n\u00e1dheru a nesmrtelnost hudby tohoto n\u011bmeck\u00e9ho velik\u00e1na, kter\u00fd dodnes ovliv\u0148uje lidstvo na cel\u00e9 planet\u011b. Gabriela Demeterov\u00e1 se v\u011bnuje intenzivn\u00edmu studiu tohoto autora ji\u017e mnoho let. Klav\u00edrn\u00edmi partnery v r\u00e1mci recit\u00e1l\u016f , na kter\u00fdch zazn\u00ed i slavn\u00e1 Kreutzerova son\u00e1ta L. v. Beethovena, j\u00ed bude Lud\u011bk \u0160abaka a Nora \u0160kuta.<\/p>\n","protected":false},"featured_media":0,"template":"","meta":[],"druhy_akci":[23],"yoast_head":"<!-- This site is optimized with the Yoast SEO plugin v20.4 - https:\/\/yoast.com\/wordpress\/plugins\/seo\/ -->\n<title>Recit\u00e1l Gabriely Demeterov\u00e9 (Beethoven: Hudba a du\u0161e g\u00e9nia) - Luha\u010dovice.cz<\/title>\n<meta name=\"robots\" content=\"index, follow, max-snippet:-1, max-image-preview:large, max-video-preview:-1\" \/>\n<link rel=\"canonical\" href=\"https:\/\/luhacovice.cz\/de\/akce\/1451a-recital-gabriely-demeterove\/\" \/>\n<meta property=\"og:locale\" content=\"de_DE\" \/>\n<meta property=\"og:type\" content=\"article\" \/>\n<meta property=\"og:title\" content=\"Recit\u00e1l Gabriely Demeterov\u00e9 (Beethoven: Hudba a du\u0161e g\u00e9nia) - Luha\u010dovice.cz\" \/>\n<meta property=\"og:description\" content=\"Gabrilea Demeterov\u00e1 je \u201ehv\u011bzdou 3. tis\u00edcilet\u00ed\u201c &#8211; Houslistka, violistka, s\u00f3listka sv\u011btov\u00fdch orchestr\u016f, prvn\u00ed \u010desk\u00e1 finalistka a absolutn\u00ed v\u00edt\u011bzka Mezin\u00e1rodn\u00ed houslov\u00e9 sout\u011b\u017ee Yehudi Menuhina v\u00a0Anglii, \u010dlenka um\u011bleck\u00e9 rady Akademie m\u00fazick\u00fdch um\u011bn\u00ed v\u00a0Praze, dr\u017eitelka ocen\u011bn\u00ed \u201e\u017dena roku 2005\u201c v\u00a0sout\u011b\u017ei presti\u017en\u00edho \u010dasopisu Prague Leaders Magazin. Hlavn\u00ed my\u0161lenkou a obsahem recit\u00e1l\u016f s n\u00e1zvem \u201d Ludwig van Beethoven \u2013 Hudba... Artikel ansehen\" \/>\n<meta property=\"og:url\" content=\"https:\/\/luhacovice.cz\/de\/akce\/1451a-recital-gabriely-demeterove\/\" \/>\n<meta property=\"og:site_name\" content=\"Luha\u010dovice.cz\" \/>\n<meta name=\"twitter:card\" content=\"summary_large_image\" \/>\n<meta name=\"twitter:label1\" content=\"Gesch\u00e4tzte Lesezeit\" \/>\n\t<meta name=\"twitter:data1\" content=\"2\u00a0Minuten\" \/>\n<script type=\"application\/ld+json\" class=\"yoast-schema-graph\">{\"@context\":\"https:\/\/schema.org\",\"@graph\":[{\"@type\":\"WebPage\",\"@id\":\"https:\/\/luhacovice.cz\/de\/akce\/1451a-recital-gabriely-demeterove\/\",\"url\":\"https:\/\/luhacovice.cz\/de\/akce\/1451a-recital-gabriely-demeterove\/\",\"name\":\"Recit\u00e1l Gabriely Demeterov\u00e9 (Beethoven: Hudba a du\u0161e g\u00e9nia) - Luha\u010dovice.cz\",\"isPartOf\":{\"@id\":\"https:\/\/luhacovice.cz\/#website\"},\"datePublished\":\"2013-08-29T22:00:00+00:00\",\"dateModified\":\"2013-08-29T22:00:00+00:00\",\"breadcrumb\":{\"@id\":\"https:\/\/luhacovice.cz\/de\/akce\/1451a-recital-gabriely-demeterove\/#breadcrumb\"},\"inLanguage\":\"de\",\"potentialAction\":[{\"@type\":\"ReadAction\",\"target\":[\"https:\/\/luhacovice.cz\/de\/akce\/1451a-recital-gabriely-demeterove\/\"]}]},{\"@type\":\"BreadcrumbList\",\"@id\":\"https:\/\/luhacovice.cz\/de\/akce\/1451a-recital-gabriely-demeterove\/#breadcrumb\",\"itemListElement\":[{\"@type\":\"ListItem\",\"position\":1,\"name\":\"Home\",\"item\":\"https:\/\/luhacovice.cz\/de\/\"},{\"@type\":\"ListItem\",\"position\":2,\"name\":\"Akce\",\"item\":\"https:\/\/luhacovice.cz\/akce\/\"},{\"@type\":\"ListItem\",\"position\":3,\"name\":\"Recit\u00e1l Gabriely Demeterov\u00e9 (Beethoven: Hudba a du\u0161e g\u00e9nia)\"}]},{\"@type\":\"WebSite\",\"@id\":\"https:\/\/luhacovice.cz\/#website\",\"url\":\"https:\/\/luhacovice.cz\/\",\"name\":\"Luha\u010dovice.cz\",\"description\":\"Turistick\u00fd port\u00e1l Luha\u010dovice Pozlovice\",\"potentialAction\":[{\"@type\":\"SearchAction\",\"target\":{\"@type\":\"EntryPoint\",\"urlTemplate\":\"https:\/\/luhacovice.cz\/?s={search_term_string}\"},\"query-input\":\"required name=search_term_string\"}],\"inLanguage\":\"de\"}]}<\/script>\n<!-- \/ Yoast SEO plugin. -->","yoast_head_json":{"title":"Recit\u00e1l Gabriely Demeterov\u00e9 (Beethoven: Hudba a du\u0161e g\u00e9nia) - Luha\u010dovice.cz","robots":{"index":"index","follow":"follow","max-snippet":"max-snippet:-1","max-image-preview":"max-image-preview:large","max-video-preview":"max-video-preview:-1"},"canonical":"https:\/\/luhacovice.cz\/de\/akce\/1451a-recital-gabriely-demeterove\/","og_locale":"de_DE","og_type":"article","og_title":"Recit\u00e1l Gabriely Demeterov\u00e9 (Beethoven: Hudba a du\u0161e g\u00e9nia) - Luha\u010dovice.cz","og_description":"Gabrilea Demeterov\u00e1 je \u201ehv\u011bzdou 3. tis\u00edcilet\u00ed\u201c &#8211; Houslistka, violistka, s\u00f3listka sv\u011btov\u00fdch orchestr\u016f, prvn\u00ed \u010desk\u00e1 finalistka a absolutn\u00ed v\u00edt\u011bzka Mezin\u00e1rodn\u00ed houslov\u00e9 sout\u011b\u017ee Yehudi Menuhina v\u00a0Anglii, \u010dlenka um\u011bleck\u00e9 rady Akademie m\u00fazick\u00fdch um\u011bn\u00ed v\u00a0Praze, dr\u017eitelka ocen\u011bn\u00ed \u201e\u017dena roku 2005\u201c v\u00a0sout\u011b\u017ei presti\u017en\u00edho \u010dasopisu Prague Leaders Magazin. Hlavn\u00ed my\u0161lenkou a obsahem recit\u00e1l\u016f s n\u00e1zvem \u201d Ludwig van Beethoven \u2013 Hudba... Artikel ansehen","og_url":"https:\/\/luhacovice.cz\/de\/akce\/1451a-recital-gabriely-demeterove\/","og_site_name":"Luha\u010dovice.cz","twitter_card":"summary_large_image","twitter_misc":{"Gesch\u00e4tzte Lesezeit":"2\u00a0Minuten"},"schema":{"@context":"https:\/\/schema.org","@graph":[{"@type":"WebPage","@id":"https:\/\/luhacovice.cz\/de\/akce\/1451a-recital-gabriely-demeterove\/","url":"https:\/\/luhacovice.cz\/de\/akce\/1451a-recital-gabriely-demeterove\/","name":"Recit\u00e1l Gabriely Demeterov\u00e9 (Beethoven: Hudba a du\u0161e g\u00e9nia) - Luha\u010dovice.cz","isPartOf":{"@id":"https:\/\/luhacovice.cz\/#website"},"datePublished":"2013-08-29T22:00:00+00:00","dateModified":"2013-08-29T22:00:00+00:00","breadcrumb":{"@id":"https:\/\/luhacovice.cz\/de\/akce\/1451a-recital-gabriely-demeterove\/#breadcrumb"},"inLanguage":"de","potentialAction":[{"@type":"ReadAction","target":["https:\/\/luhacovice.cz\/de\/akce\/1451a-recital-gabriely-demeterove\/"]}]},{"@type":"BreadcrumbList","@id":"https:\/\/luhacovice.cz\/de\/akce\/1451a-recital-gabriely-demeterove\/#breadcrumb","itemListElement":[{"@type":"ListItem","position":1,"name":"Home","item":"https:\/\/luhacovice.cz\/de\/"},{"@type":"ListItem","position":2,"name":"Akce","item":"https:\/\/luhacovice.cz\/akce\/"},{"@type":"ListItem","position":3,"name":"Recit\u00e1l Gabriely Demeterov\u00e9 (Beethoven: Hudba a du\u0161e g\u00e9nia)"}]},{"@type":"WebSite","@id":"https:\/\/luhacovice.cz\/#website","url":"https:\/\/luhacovice.cz\/","name":"Luha\u010dovice.cz","description":"Turistick\u00fd port\u00e1l Luha\u010dovice Pozlovice","potentialAction":[{"@type":"SearchAction","target":{"@type":"EntryPoint","urlTemplate":"https:\/\/luhacovice.cz\/?s={search_term_string}"},"query-input":"required name=search_term_string"}],"inLanguage":"de"}]}},"_links":{"self":[{"href":"https:\/\/luhacovice.cz\/de\/wp-json\/wp\/v2\/akce\/5691"}],"collection":[{"href":"https:\/\/luhacovice.cz\/de\/wp-json\/wp\/v2\/akce"}],"about":[{"href":"https:\/\/luhacovice.cz\/de\/wp-json\/wp\/v2\/types\/akce"}],"wp:attachment":[{"href":"https:\/\/luhacovice.cz\/de\/wp-json\/wp\/v2\/media?parent=5691"}],"wp:term":[{"taxonomy":"druhy_akci","embeddable":true,"href":"https:\/\/luhacovice.cz\/de\/wp-json\/wp\/v2\/druhy_akci?post=5691"}],"curies":[{"name":"wp","href":"https:\/\/api.w.org\/{rel}","templated":true}]}}

Recitál Gabriely Demeterové (Beethoven: Hudba a duše génia)

<p>Gabrilea Demeterová je „hvězdou 3. tisíciletí“ &#8211; Houslistka, violistka, sólistka světových orchestrů, první česká finalistka a absolutní vítězka Mezinárodní houslové soutěže Yehudi Menuhina v Anglii, členka umělecké rady Akademie múzických umění v Praze, držitelka ocenění „Žena roku 2005“ v soutěži prestižního časopisu Prague Leaders Magazin.</p>
<p>Hlavní myšlenkou a obsahem recitálů s názvem ” Ludwig van Beethoven – Hudba a duše génia” bude přiblížit českému obecenstvu v netradičním pojetí jednoho z největších gigantů světové klasické hudby, jeho slavné sonáty pro housle a klavír, ale také jeho duši a lidský rozměr v jeho dochované soukromé korespondenci interpretované neopakovatelným způsobem vynikajícím divadelním a filmovým hercem Marianem Rodenem, kterého Gabriela Demeterová přizvala exkluzivně ke spolupráci právě v rámci tohoto cyklu houslových recitálů, aby se tak slavné houslové sonáty staly melodramem, který poodhalí pravou tvář L. v. Beethovena. Gabriela Demeterová po projektech, které v minulosti prezentovaly hudbu W. A. Mozarta, H. I. F. Bibera, či nyní vydané cd s kompletní nahrávkou cyklu Opella Ecclesiastica českého barokního skladatele J. A. Plánického, přichází s hudbou, která se dotýká klasicismu a předznamenává romantismu, aby svou osobitou interpretací a vyjímečnými hosty zprostředkovala českému publiku nádheru a nesmrtelnost hudby tohoto německého velikána, který dodnes ovlivňuje lidstvo na celé planetě. Gabriela Demeterová se věnuje intenzivnímu studiu tohoto autora již mnoho let. Klavírními partnery v rámci recitálů , na kterých zazní i slavná Kreutzerova sonáta L. v. Beethovena, jí bude Luděk Šabaka a Nora Škuta.</p>

<!-- This site is optimized with the Yoast SEO plugin v20.4 - https://yoast.com/wordpress/plugins/seo/ -->
<title>Recitál Gabriely Demeterové (Beethoven: Hudba a duše génia) - Luhačovice.cz</title>
<meta name="robots" content="index, follow, max-snippet:-1, max-image-preview:large, max-video-preview:-1" />
<link rel="canonical" href="https://luhacovice.cz/de/akce/1451a-recital-gabriely-demeterove/" />
<meta property="og:locale" content="de_DE" />
<meta property="og:type" content="article" />
<meta property="og:title" content="Recitál Gabriely Demeterové (Beethoven: Hudba a duše génia) - Luhačovice.cz" />
<meta property="og:description" content="Gabrilea Demeterová je „hvězdou 3. tisíciletí“ &#8211; Houslistka, violistka, sólistka světových orchestrů, první česká finalistka a absolutní vítězka Mezinárodní houslové soutěže Yehudi Menuhina v Anglii, členka umělecké rady Akademie múzických umění v Praze, držitelka ocenění „Žena roku 2005“ v soutěži prestižního časopisu Prague Leaders Magazin. Hlavní myšlenkou a obsahem recitálů s názvem ” Ludwig van Beethoven – Hudba... Artikel ansehen" />
<meta property="og:url" content="https://luhacovice.cz/de/akce/1451a-recital-gabriely-demeterove/" />
<meta property="og:site_name" content="Luhačovice.cz" />
<meta name="twitter:card" content="summary_large_image" />
<meta name="twitter:label1" content="Geschätzte Lesezeit" />
	<meta name="twitter:data1" content="2 Minuten" />
<script type="application/ld+json" class="yoast-schema-graph">{"@context":"https://schema.org","@graph":[{"@type":"WebPage","@id":"https://luhacovice.cz/de/akce/1451a-recital-gabriely-demeterove/","url":"https://luhacovice.cz/de/akce/1451a-recital-gabriely-demeterove/","name":"Recitál Gabriely Demeterové (Beethoven: Hudba a duše génia) - Luhačovice.cz","isPartOf":{"@id":"https://luhacovice.cz/#website"},"datePublished":"2013-08-29T22:00:00+00:00","dateModified":"2013-08-29T22:00:00+00:00","breadcrumb":{"@id":"https://luhacovice.cz/de/akce/1451a-recital-gabriely-demeterove/#breadcrumb"},"inLanguage":"de","potentialAction":[{"@type":"ReadAction","target":["https://luhacovice.cz/de/akce/1451a-recital-gabriely-demeterove/"]}]},{"@type":"BreadcrumbList","@id":"https://luhacovice.cz/de/akce/1451a-recital-gabriely-demeterove/#breadcrumb","itemListElement":[{"@type":"ListItem","position":1,"name":"Home","item":"https://luhacovice.cz/de/"},{"@type":"ListItem","position":2,"name":"Akce","item":"https://luhacovice.cz/akce/"},{"@type":"ListItem","position":3,"name":"Recitál Gabriely Demeterové (Beethoven: Hudba a duše génia)"}]},{"@type":"WebSite","@id":"https://luhacovice.cz/#website","url":"https://luhacovice.cz/","name":"Luhačovice.cz","description":"Turistický portál Luhačovice Pozlovice","potentialAction":[{"@type":"SearchAction","target":{"@type":"EntryPoint","urlTemplate":"https://luhacovice.cz/?s={search_term_string}"},"query-input":"required name=search_term_string"}],"inLanguage":"de"}]}</script>
<!-- / Yoast SEO plugin. -->

Recitál Gabriely Demeterové (Beethoven: Hudba a duše génia) - Luhačovice.cz

Gabrilea Demeterová je „hvězdou 3. tisíciletí“ &#8211; Houslistka, violistka, sólistka světových orchestrů, první česká finalistka a absolutní vítězka Mezinárodní houslové soutěže Yehudi Menuhina v Anglii, členka umělecké rady Akademie múzických umění v Praze, držitelka ocenění „Žena roku 2005“ v soutěži prestižního časopisu Prague Leaders Magazin. Hlavní myšlenkou a obsahem recitálů s názvem ” Ludwig van Beethoven – Hudba... Artikel ansehen

Luhačovice.cz

Turistický portál Luhačovice Pozlovice
