{"id":7214,"date":"2018-04-29T00:00:00","date_gmt":"2018-04-28T22:00:00","guid":{"rendered":"https:\/\/luhacovice.cz\/akce\/4169a-vernisaz-je-libo-kavu\/"},"modified":"2018-04-29T00:00:00","modified_gmt":"2018-04-28T22:00:00","slug":"4169a-vernisaz-je-libo-kavu","status":"publish","type":"akce","link":"https:\/\/luhacovice.cz\/de\/akce\/4169a-vernisaz-je-libo-kavu\/","title":{"rendered":"V\u00fdstava \/ Prom\u011bny \/ ZU\u0160 Luha\u010dovice"},"content":{"rendered":"<p align=\"JUSTIFY\">Vernis\u00e1\u017e ve st\u0159edu 2. 5. 2018\u00a0v 17:00 hodin<\/p>\n<p align=\"JUSTIFY\">Z\u00e1kladn\u00ed um\u011bleck\u00e1 \u0161kola Luha\u010dovice oslavila minul\u00fd rok 30. v\u00fdro\u010d\u00ed od jej\u00edho vzniku a pro spoustu \u017e\u00e1k\u016f pat\u0159\u00ed neodmysliteln\u011b k\u00a0jej\u00edm \u017eivot\u016fm. V\u00a0ZU\u0160 se v\u00a0sou\u010dasn\u00e9 dob\u011b vyu\u010duje obor hudebn\u00ed, tane\u010dn\u00ed a v\u00fdtvarn\u00fd.\u00a0V\u00a0minul\u00e9m roce v\u00fdtvarn\u00fd obor z\u00edskal bronzov\u00e9 ocen\u011bn\u00ed v\u00a0krajsk\u00e9 p\u0159ehl\u00eddce v\u00fdtvarn\u00fdch obor\u016f ZU\u0160 a ka\u017ed\u00fd rok po\u0159\u00e1d\u00e1 v\u00fdstavu \u017e\u00e1k\u016f v\u00a0Galerii Elektra v\u00a0Luha\u010dovic\u00edch.<\/p>\n<p>V\u00fdstava je rozd\u011blena do jednotliv\u00fdch v\u00fdtvarn\u00fdch \u0159ad p\u0159edstavuj\u00edc\u00ed cestu z civilizace sm\u011brem<br \/>k p\u0159\u00edrod\u011b. Snahou bylo zachytit b\u011b\u017en\u00e1 t\u00e9mata, kter\u00e1 n\u00e1s obklopuj\u00ed a d\u00edvat se na n\u011b jednotliv\u011b ze v\u0161ech \u00fahl\u016f pohledu a nechat se v\u00e9st jej\u00edmi prom\u011bnami.<br \/>T\u00e9matem jsou tov\u00e1rny, vlakov\u00e9 n\u00e1dra\u017e\u00ed a s t\u00edm spojen\u00fd \u017eivot lid\u00ed &#8211; od\u00edv\u00e1n\u00ed, textil, propagace a\u017e po civilizace \u017eij\u00edc\u00ed s p\u0159\u00edrodou a samotn\u00e1 p\u0159\u00edroda, kter\u00e1 je nevy\u010derpateln\u00fdm zdrojem n\u00e1m\u011bt\u016f.<\/p>\n<p><img decoding=\"async\" src=\"http:\/\/www.zusluhacovice.cz\/images\/2018\/vy\/pa4.jpg\" width=\"711\" height=\"504\" \/><\/p>\n","protected":false},"featured_media":0,"template":"","meta":[],"druhy_akci":[20],"yoast_head":"<!-- This site is optimized with the Yoast SEO plugin v20.4 - https:\/\/yoast.com\/wordpress\/plugins\/seo\/ -->\n<title>V\u00fdstava \/ Prom\u011bny \/ ZU\u0160 Luha\u010dovice - Luha\u010dovice.cz<\/title>\n<meta name=\"robots\" content=\"index, follow, max-snippet:-1, max-image-preview:large, max-video-preview:-1\" \/>\n<link rel=\"canonical\" href=\"https:\/\/luhacovice.cz\/en\/akce\/4169a-vernisaz-je-libo-kavu\/\" \/>\n<meta property=\"og:locale\" content=\"de_DE\" \/>\n<meta property=\"og:type\" content=\"article\" \/>\n<meta property=\"og:title\" content=\"V\u00fdstava \/ Prom\u011bny \/ ZU\u0160 Luha\u010dovice - Luha\u010dovice.cz\" \/>\n<meta property=\"og:description\" content=\"Vernis\u00e1\u017e ve st\u0159edu 2. 5. 2018\u00a0v 17:00 hodin Z\u00e1kladn\u00ed um\u011bleck\u00e1 \u0161kola Luha\u010dovice oslavila minul\u00fd rok 30. v\u00fdro\u010d\u00ed od jej\u00edho vzniku a pro spoustu \u017e\u00e1k\u016f pat\u0159\u00ed neodmysliteln\u011b k\u00a0jej\u00edm \u017eivot\u016fm. V\u00a0ZU\u0160 se v\u00a0sou\u010dasn\u00e9 dob\u011b vyu\u010duje obor hudebn\u00ed, tane\u010dn\u00ed a v\u00fdtvarn\u00fd.\u00a0V\u00a0minul\u00e9m roce v\u00fdtvarn\u00fd obor z\u00edskal bronzov\u00e9 ocen\u011bn\u00ed v\u00a0krajsk\u00e9 p\u0159ehl\u00eddce v\u00fdtvarn\u00fdch obor\u016f ZU\u0160 a ka\u017ed\u00fd rok po\u0159\u00e1d\u00e1 v\u00fdstavu \u017e\u00e1k\u016f... Artikel ansehen\" \/>\n<meta property=\"og:url\" content=\"https:\/\/luhacovice.cz\/en\/akce\/4169a-vernisaz-je-libo-kavu\/\" \/>\n<meta property=\"og:site_name\" content=\"Luha\u010dovice.cz\" \/>\n<meta property=\"og:image\" content=\"http:\/\/www.zusluhacovice.cz\/images\/2018\/vy\/pa4.jpg\" \/>\n<meta name=\"twitter:card\" content=\"summary_large_image\" \/>\n<meta name=\"twitter:label1\" content=\"Gesch\u00e4tzte Lesezeit\" \/>\n\t<meta name=\"twitter:data1\" content=\"1\u00a0Minute\" \/>\n<script type=\"application\/ld+json\" class=\"yoast-schema-graph\">{\"@context\":\"https:\/\/schema.org\",\"@graph\":[{\"@type\":\"WebPage\",\"@id\":\"https:\/\/luhacovice.cz\/en\/akce\/4169a-vernisaz-je-libo-kavu\/\",\"url\":\"https:\/\/luhacovice.cz\/en\/akce\/4169a-vernisaz-je-libo-kavu\/\",\"name\":\"V\u00fdstava \/ Prom\u011bny \/ ZU\u0160 Luha\u010dovice - Luha\u010dovice.cz\",\"isPartOf\":{\"@id\":\"https:\/\/luhacovice.cz\/#website\"},\"datePublished\":\"2018-04-28T22:00:00+00:00\",\"dateModified\":\"2018-04-28T22:00:00+00:00\",\"breadcrumb\":{\"@id\":\"https:\/\/luhacovice.cz\/en\/akce\/4169a-vernisaz-je-libo-kavu\/#breadcrumb\"},\"inLanguage\":\"de\",\"potentialAction\":[{\"@type\":\"ReadAction\",\"target\":[\"https:\/\/luhacovice.cz\/en\/akce\/4169a-vernisaz-je-libo-kavu\/\"]}]},{\"@type\":\"BreadcrumbList\",\"@id\":\"https:\/\/luhacovice.cz\/en\/akce\/4169a-vernisaz-je-libo-kavu\/#breadcrumb\",\"itemListElement\":[{\"@type\":\"ListItem\",\"position\":1,\"name\":\"Home\",\"item\":\"https:\/\/luhacovice.cz\/de\/\"},{\"@type\":\"ListItem\",\"position\":2,\"name\":\"Akce\",\"item\":\"https:\/\/luhacovice.cz\/akce\/\"},{\"@type\":\"ListItem\",\"position\":3,\"name\":\"V\u00fdstava \/ Prom\u011bny \/ ZU\u0160 Luha\u010dovice\"}]},{\"@type\":\"WebSite\",\"@id\":\"https:\/\/luhacovice.cz\/#website\",\"url\":\"https:\/\/luhacovice.cz\/\",\"name\":\"Luha\u010dovice.cz\",\"description\":\"Turistick\u00fd port\u00e1l Luha\u010dovice Pozlovice\",\"potentialAction\":[{\"@type\":\"SearchAction\",\"target\":{\"@type\":\"EntryPoint\",\"urlTemplate\":\"https:\/\/luhacovice.cz\/?s={search_term_string}\"},\"query-input\":\"required name=search_term_string\"}],\"inLanguage\":\"de\"}]}<\/script>\n<!-- \/ Yoast SEO plugin. -->","yoast_head_json":{"title":"V\u00fdstava \/ Prom\u011bny \/ ZU\u0160 Luha\u010dovice - Luha\u010dovice.cz","robots":{"index":"index","follow":"follow","max-snippet":"max-snippet:-1","max-image-preview":"max-image-preview:large","max-video-preview":"max-video-preview:-1"},"canonical":"https:\/\/luhacovice.cz\/en\/akce\/4169a-vernisaz-je-libo-kavu\/","og_locale":"de_DE","og_type":"article","og_title":"V\u00fdstava \/ Prom\u011bny \/ ZU\u0160 Luha\u010dovice - Luha\u010dovice.cz","og_description":"Vernis\u00e1\u017e ve st\u0159edu 2. 5. 2018\u00a0v 17:00 hodin Z\u00e1kladn\u00ed um\u011bleck\u00e1 \u0161kola Luha\u010dovice oslavila minul\u00fd rok 30. v\u00fdro\u010d\u00ed od jej\u00edho vzniku a pro spoustu \u017e\u00e1k\u016f pat\u0159\u00ed neodmysliteln\u011b k\u00a0jej\u00edm \u017eivot\u016fm. V\u00a0ZU\u0160 se v\u00a0sou\u010dasn\u00e9 dob\u011b vyu\u010duje obor hudebn\u00ed, tane\u010dn\u00ed a v\u00fdtvarn\u00fd.\u00a0V\u00a0minul\u00e9m roce v\u00fdtvarn\u00fd obor z\u00edskal bronzov\u00e9 ocen\u011bn\u00ed v\u00a0krajsk\u00e9 p\u0159ehl\u00eddce v\u00fdtvarn\u00fdch obor\u016f ZU\u0160 a ka\u017ed\u00fd rok po\u0159\u00e1d\u00e1 v\u00fdstavu \u017e\u00e1k\u016f... Artikel ansehen","og_url":"https:\/\/luhacovice.cz\/en\/akce\/4169a-vernisaz-je-libo-kavu\/","og_site_name":"Luha\u010dovice.cz","og_image":[{"url":"http:\/\/www.zusluhacovice.cz\/images\/2018\/vy\/pa4.jpg"}],"twitter_card":"summary_large_image","twitter_misc":{"Gesch\u00e4tzte Lesezeit":"1\u00a0Minute"},"schema":{"@context":"https:\/\/schema.org","@graph":[{"@type":"WebPage","@id":"https:\/\/luhacovice.cz\/en\/akce\/4169a-vernisaz-je-libo-kavu\/","url":"https:\/\/luhacovice.cz\/en\/akce\/4169a-vernisaz-je-libo-kavu\/","name":"V\u00fdstava \/ Prom\u011bny \/ ZU\u0160 Luha\u010dovice - Luha\u010dovice.cz","isPartOf":{"@id":"https:\/\/luhacovice.cz\/#website"},"datePublished":"2018-04-28T22:00:00+00:00","dateModified":"2018-04-28T22:00:00+00:00","breadcrumb":{"@id":"https:\/\/luhacovice.cz\/en\/akce\/4169a-vernisaz-je-libo-kavu\/#breadcrumb"},"inLanguage":"de","potentialAction":[{"@type":"ReadAction","target":["https:\/\/luhacovice.cz\/en\/akce\/4169a-vernisaz-je-libo-kavu\/"]}]},{"@type":"BreadcrumbList","@id":"https:\/\/luhacovice.cz\/en\/akce\/4169a-vernisaz-je-libo-kavu\/#breadcrumb","itemListElement":[{"@type":"ListItem","position":1,"name":"Home","item":"https:\/\/luhacovice.cz\/de\/"},{"@type":"ListItem","position":2,"name":"Akce","item":"https:\/\/luhacovice.cz\/akce\/"},{"@type":"ListItem","position":3,"name":"V\u00fdstava \/ Prom\u011bny \/ ZU\u0160 Luha\u010dovice"}]},{"@type":"WebSite","@id":"https:\/\/luhacovice.cz\/#website","url":"https:\/\/luhacovice.cz\/","name":"Luha\u010dovice.cz","description":"Turistick\u00fd port\u00e1l Luha\u010dovice Pozlovice","potentialAction":[{"@type":"SearchAction","target":{"@type":"EntryPoint","urlTemplate":"https:\/\/luhacovice.cz\/?s={search_term_string}"},"query-input":"required name=search_term_string"}],"inLanguage":"de"}]}},"_links":{"self":[{"href":"https:\/\/luhacovice.cz\/de\/wp-json\/wp\/v2\/akce\/7214"}],"collection":[{"href":"https:\/\/luhacovice.cz\/de\/wp-json\/wp\/v2\/akce"}],"about":[{"href":"https:\/\/luhacovice.cz\/de\/wp-json\/wp\/v2\/types\/akce"}],"wp:attachment":[{"href":"https:\/\/luhacovice.cz\/de\/wp-json\/wp\/v2\/media?parent=7214"}],"wp:term":[{"taxonomy":"druhy_akci","embeddable":true,"href":"https:\/\/luhacovice.cz\/de\/wp-json\/wp\/v2\/druhy_akci?post=7214"}],"curies":[{"name":"wp","href":"https:\/\/api.w.org\/{rel}","templated":true}]}}

Výstava / Proměny / ZUŠ Luhačovice

<p align="JUSTIFY">Vernisáž ve středu 2. 5. 2018 v 17:00 hodin</p>
<p align="JUSTIFY">Základní umělecká škola Luhačovice oslavila minulý rok 30. výročí od jejího vzniku a pro spoustu žáků patří neodmyslitelně k jejím životům. V ZUŠ se v současné době vyučuje obor hudební, taneční a výtvarný. V minulém roce výtvarný obor získal bronzové ocenění v krajské přehlídce výtvarných oborů ZUŠ a každý rok pořádá výstavu žáků v Galerii Elektra v Luhačovicích.</p>
<p>Výstava je rozdělena do jednotlivých výtvarných řad představující cestu z civilizace směrem<br />k přírodě. Snahou bylo zachytit běžná témata, která nás obklopují a dívat se na ně jednotlivě ze všech úhlů pohledu a nechat se vést jejími proměnami.<br />Tématem jsou továrny, vlakové nádraží a s tím spojený život lidí &#8211; odívání, textil, propagace až po civilizace žijící s přírodou a samotná příroda, která je nevyčerpatelným zdrojem námětů.</p>
<p><img decoding="async" src="http://www.zusluhacovice.cz/images/2018/vy/pa4.jpg" width="711" height="504" /></p>

<!-- This site is optimized with the Yoast SEO plugin v20.4 - https://yoast.com/wordpress/plugins/seo/ -->
<title>Výstava / Proměny / ZUŠ Luhačovice - Luhačovice.cz</title>
<meta name="robots" content="index, follow, max-snippet:-1, max-image-preview:large, max-video-preview:-1" />
<link rel="canonical" href="https://luhacovice.cz/en/akce/4169a-vernisaz-je-libo-kavu/" />
<meta property="og:locale" content="de_DE" />
<meta property="og:type" content="article" />
<meta property="og:title" content="Výstava / Proměny / ZUŠ Luhačovice - Luhačovice.cz" />
<meta property="og:description" content="Vernisáž ve středu 2. 5. 2018 v 17:00 hodin Základní umělecká škola Luhačovice oslavila minulý rok 30. výročí od jejího vzniku a pro spoustu žáků patří neodmyslitelně k jejím životům. V ZUŠ se v současné době vyučuje obor hudební, taneční a výtvarný. V minulém roce výtvarný obor získal bronzové ocenění v krajské přehlídce výtvarných oborů ZUŠ a každý rok pořádá výstavu žáků... Artikel ansehen" />
<meta property="og:url" content="https://luhacovice.cz/en/akce/4169a-vernisaz-je-libo-kavu/" />
<meta property="og:site_name" content="Luhačovice.cz" />
<meta property="og:image" content="http://www.zusluhacovice.cz/images/2018/vy/pa4.jpg" />
<meta name="twitter:card" content="summary_large_image" />
<meta name="twitter:label1" content="Geschätzte Lesezeit" />
	<meta name="twitter:data1" content="1 Minute" />
<script type="application/ld+json" class="yoast-schema-graph">{"@context":"https://schema.org","@graph":[{"@type":"WebPage","@id":"https://luhacovice.cz/en/akce/4169a-vernisaz-je-libo-kavu/","url":"https://luhacovice.cz/en/akce/4169a-vernisaz-je-libo-kavu/","name":"Výstava / Proměny / ZUŠ Luhačovice - Luhačovice.cz","isPartOf":{"@id":"https://luhacovice.cz/#website"},"datePublished":"2018-04-28T22:00:00+00:00","dateModified":"2018-04-28T22:00:00+00:00","breadcrumb":{"@id":"https://luhacovice.cz/en/akce/4169a-vernisaz-je-libo-kavu/#breadcrumb"},"inLanguage":"de","potentialAction":[{"@type":"ReadAction","target":["https://luhacovice.cz/en/akce/4169a-vernisaz-je-libo-kavu/"]}]},{"@type":"BreadcrumbList","@id":"https://luhacovice.cz/en/akce/4169a-vernisaz-je-libo-kavu/#breadcrumb","itemListElement":[{"@type":"ListItem","position":1,"name":"Home","item":"https://luhacovice.cz/de/"},{"@type":"ListItem","position":2,"name":"Akce","item":"https://luhacovice.cz/akce/"},{"@type":"ListItem","position":3,"name":"Výstava / Proměny / ZUŠ Luhačovice"}]},{"@type":"WebSite","@id":"https://luhacovice.cz/#website","url":"https://luhacovice.cz/","name":"Luhačovice.cz","description":"Turistický portál Luhačovice Pozlovice","potentialAction":[{"@type":"SearchAction","target":{"@type":"EntryPoint","urlTemplate":"https://luhacovice.cz/?s={search_term_string}"},"query-input":"required name=search_term_string"}],"inLanguage":"de"}]}</script>
<!-- / Yoast SEO plugin. -->

Výstava / Proměny / ZUŠ Luhačovice - Luhačovice.cz

Vernisáž ve středu 2. 5. 2018 v 17:00 hodin Základní umělecká škola Luhačovice oslavila minulý rok 30. výročí od jejího vzniku a pro spoustu žáků patří neodmyslitelně k jejím životům. V ZUŠ se v současné době vyučuje obor hudební, taneční a výtvarný. V minulém roce výtvarný obor získal bronzové ocenění v krajské přehlídce výtvarných oborů ZUŠ a každý rok pořádá výstavu žáků... Artikel ansehen

Luhačovice.cz

Turistický portál Luhačovice Pozlovice
