{"id":7226,"date":"2018-05-11T00:00:00","date_gmt":"2018-05-10T22:00:00","guid":{"rendered":"https:\/\/luhacovice.cz\/akce\/4170a-vernisaz-je-libo-kavu\/"},"modified":"2018-05-11T00:00:00","modified_gmt":"2018-05-10T22:00:00","slug":"4170a-vernisaz-je-libo-kavu","status":"publish","type":"akce","link":"https:\/\/luhacovice.cz\/de\/akce\/4170a-vernisaz-je-libo-kavu\/","title":{"rendered":"V\u00fdstava \/ Josef Pol\u00e1\u0161ek \/ Lid\u00e9 a krajina \/ kresby"},"content":{"rendered":"<h1>Vernis\u00e1\u017e v\u00fdstavy v p\u00e1tek 11. 5. 2018 v 17:00 hod.<\/h1>\n<h1>\u00davodn\u00ed slovo: Akad. soch. Jan Zamazal. Hudebn\u00ed vstup: FS Leluja<\/h1>\n<h1>Josef Pol\u00e1\u0161ek, autodidakt, kter\u00fd kresl\u00ed a maluje pro radost, pro sv\u00e9 p\u0159\u00e1tele a nejbli\u017e\u0161\u00ed a pln\u00ed touto radost\u00ed a umem sv\u016fj nyn\u011bj\u0161\u00ed \u017eivot. Ztv\u00e1r\u0148uje motivy \u010dlov\u011bka, krajiny, rostlin, biblick\u00fdch postav a motivy folklorn\u00edho \u017eivota<\/h1>\n<p align=\"JUSTIFY\">\u00a0<\/p>\n<h1>Josef Pol\u00e1\u0161ek<\/h1>\n<p>\u00a0<\/p>\n<p align=\"JUSTIFY\">Narodil se ve Zl\u00edn\u011b 2.8.1949<\/p>\n<p align=\"JUSTIFY\">Malov\u00e1n\u00ed a kreslen\u00ed bylo jeho z\u00e1libou ji\u017e na \u0161kole. Touhu po dal\u0161\u00edm v\u011bd\u011bn\u00ed a zdokonalov\u00e1n\u00ed v tomto oboru cht\u011bl z\u00e1skat p\u0159i studiu na Um\u011bleckopr\u016fmyslov\u00e9 \u0161kole. Tento \u017eivotn\u00ed c\u00edl v\u0161ak nedo\u0161el bohu\u017eel tehdy napln\u011bn\u00ed.<\/p>\n<p align=\"JUSTIFY\">Talent, kter\u00fd mu byl d\u00e1n v\u0161ak opatroval, a ten byl jeho spole\u010dn\u00edkem i velkou inspirac\u00ed na dal\u0161\u00ed \u017eivotn\u00ed pouti. Jeho profesn\u00ed cesta se sice ub\u00edrala po jin\u00e9 dr\u00e1ze, ale v srdci z\u016fst\u00e1vala pot\u0159eba hled\u00e1n\u00ed a napln\u011bn\u00ed \u017eivotn\u00edho ide\u00e1lu kreslit a malovat.<\/p>\n<p align=\"JUSTIFY\">P\u00edle, \u00fasil\u00ed a profesionalita, kter\u00e1 pana Pol\u00e1\u0161ka prov\u00e1z\u00ed cel\u00fdm \u017eivotem je z\u00e1kladem, kter\u00fd formoval sou\u010dasnou tvorbu. Schopnost v\u00e1\u017en\u00e9 a usilovn\u00e9 pr\u00e1ce i hled\u00e1n\u00ed vlastn\u00edho v\u00fdtvarn\u00e9ho v\u00fdrazu a napln\u011bn\u00ed jsou zde p\u0159edstaveny v\u00fdb\u011brem z cel\u00e9 \u0161\u00ed\u0159e jeho pr\u00e1c\u00ed. N\u00e1m\u011bty jeho kresebe a pastel\u016f maj\u00ed p\u0159ekvapivou bohatost a \u0161\u00ed\u0159i.<\/p>\n<p align=\"JUSTIFY\">Krajina, kterou zobrazuje je mu d\u016fv\u011brn\u011b zn\u00e1m\u00e1, proto\u017ee ji st\u00e1le objevuje v okol\u00ed sv\u00e9ho domova. Tato m\u00edsta zn\u00e1, hled\u00e1 a studuje. Dok\u00e1\u017ee ji p\u0159edn\u00e9st se v\u0161emi atributy p\u0159\u00edrody jej\u00edm charakterem, n\u00e1ladou, sv\u011btlem, atmosf\u00e9rou i zamlklost\u00ed a\u017e poetickou a \u0159\u00e1dem ro\u010dn\u00edch obdob\u00ed. Srozumitelnost\u00a0 realisticko\u00e9ho vyj\u00e1d\u0159en\u00ed vybran\u00e9ho n\u00e1m\u011btu je jeho nitern\u00fdm p\u0159esv\u011bd\u010den\u00edm a filosofi\u00ed.<\/p>\n<p align=\"JUSTIFY\">Velk\u00fdm n\u00e1m\u011btem jeho pastel\u016f je \u010dlov\u011bk. Ten, kter\u00fd je sou\u010d\u00e1st\u00ed na\u0161eho sv\u011bta i doby. N\u00e1m\u011bty pro portr\u00e9ty objevil a na\u0161el ve sv\u00fdch kamar\u00e1dech, zn\u00e1m\u00fdch a ve vlastn\u00ed rodin\u011b. Oslovuj\u00ed ho lidov\u00e9 folklorn\u00ed slavnosti pln\u00e9 gest, \u017eivota a p\u0159\u00e1telsk\u00e9 atmosf\u00e9ry, kter\u00e1 je mu bl\u00edzk\u00e1. Odv\u00e1\u017en\u011b se zmoc\u0148uje i ztv\u00e1rn\u011bn\u00ed biblick\u00fdch postav, kter\u00e9 dok\u00e1\u017ee vyj\u00e1d\u0159en\u00edm typu p\u0159edstavit v jejich vnit\u0159n\u00ed hloubce v\u00fdrazu a pohnut\u00ed, s kter\u00fdm nesou poselstv\u00ed pravdy a l\u00e1sky. Zde na\u0161el autor inspiraci v knize Henryka Sienkijewicze Qvo vadis? Bylo by hrubou chybou nezm\u00ednit dal\u0161\u00ed oblast kresl\u00ed\u0159sk\u00e9ho z\u00e1jmu a l\u00e1sky autora, kterou jsou kv\u011btiny. Propracovanost a \u0159emesln\u00e9 mistrovstv\u00ed pastel\u016f nesen\u00e9 j\u00e1savou a plnou barevnost\u00ed je dopln\u011bn\u00e9 studijn\u011b filigr\u00e1nskou pe\u010dlivost\u00ed pro vyj\u00e1d\u0159en\u00ed charakteru kv\u011btin. Tyto pastely jsou dokladem hled\u00e1n\u00ed jedine\u010dnosti a originality p\u0159\u00edrody a jej\u00ed velikosti. Toto v\u0161e p\u0159edkl\u00e1d\u00e1 autor k posouzen\u00ed vn\u00edmav\u00fdm o\u010d\u00edm ve\u0159ejnosti.<\/p>\n<p align=\"JUSTIFY\"><img decoding=\"async\" src=\"https:\/\/scontent.fprg2-1.fna.fbcdn.net\/v\/t1.0-9\/31044735_1835801379803678_4673805479118397508_n.jpg?_nc_cat=0&amp;oh=5b217850051ddb6c30ebd24b9f0f7ad6&amp;oe=5B500612\" width=\"431\" height=\"607\" \/><\/p>\n","protected":false},"featured_media":0,"template":"","meta":[],"druhy_akci":[20],"yoast_head":"<!-- This site is optimized with the Yoast SEO plugin v20.4 - https:\/\/yoast.com\/wordpress\/plugins\/seo\/ -->\n<title>V\u00fdstava \/ Josef Pol\u00e1\u0161ek \/ Lid\u00e9 a krajina \/ kresby - Luha\u010dovice.cz<\/title>\n<meta name=\"robots\" content=\"index, follow, max-snippet:-1, max-image-preview:large, max-video-preview:-1\" \/>\n<link rel=\"canonical\" href=\"https:\/\/luhacovice.cz\/akce\/4170a-vernisaz-je-libo-kavu\/\" \/>\n<meta property=\"og:locale\" content=\"de_DE\" \/>\n<meta property=\"og:type\" content=\"article\" \/>\n<meta property=\"og:title\" content=\"V\u00fdstava \/ Josef Pol\u00e1\u0161ek \/ Lid\u00e9 a krajina \/ kresby - Luha\u010dovice.cz\" \/>\n<meta property=\"og:description\" content=\"Vernis\u00e1\u017e v\u00fdstavy v p\u00e1tek 11. 5. 2018 v 17:00 hod. \u00davodn\u00ed slovo: Akad. soch. Jan Zamazal. Hudebn\u00ed vstup: FS Leluja Josef Pol\u00e1\u0161ek, autodidakt, kter\u00fd kresl\u00ed a maluje pro radost, pro sv\u00e9 p\u0159\u00e1tele a nejbli\u017e\u0161\u00ed a pln\u00ed touto radost\u00ed a umem sv\u016fj nyn\u011bj\u0161\u00ed \u017eivot. Ztv\u00e1r\u0148uje motivy \u010dlov\u011bka, krajiny, rostlin, biblick\u00fdch postav a motivy folklorn\u00edho \u017eivota \u00a0... Artikel ansehen\" \/>\n<meta property=\"og:url\" content=\"https:\/\/luhacovice.cz\/akce\/4170a-vernisaz-je-libo-kavu\/\" \/>\n<meta property=\"og:site_name\" content=\"Luha\u010dovice.cz\" \/>\n<meta property=\"og:image\" content=\"https:\/\/scontent.fprg2-1.fna.fbcdn.net\/v\/t1.0-9\/31044735_1835801379803678_4673805479118397508_n.jpg?_nc_cat=0&amp;oh=5b217850051ddb6c30ebd24b9f0f7ad6&amp;oe=5B500612\" \/>\n<meta name=\"twitter:card\" content=\"summary_large_image\" \/>\n<meta name=\"twitter:label1\" content=\"Gesch\u00e4tzte Lesezeit\" \/>\n\t<meta name=\"twitter:data1\" content=\"3\u00a0Minuten\" \/>\n<script type=\"application\/ld+json\" class=\"yoast-schema-graph\">{\"@context\":\"https:\/\/schema.org\",\"@graph\":[{\"@type\":\"WebPage\",\"@id\":\"https:\/\/luhacovice.cz\/akce\/4170a-vernisaz-je-libo-kavu\/\",\"url\":\"https:\/\/luhacovice.cz\/akce\/4170a-vernisaz-je-libo-kavu\/\",\"name\":\"V\u00fdstava \/ Josef Pol\u00e1\u0161ek \/ Lid\u00e9 a krajina \/ kresby - Luha\u010dovice.cz\",\"isPartOf\":{\"@id\":\"https:\/\/luhacovice.cz\/#website\"},\"datePublished\":\"2018-05-10T22:00:00+00:00\",\"dateModified\":\"2018-05-10T22:00:00+00:00\",\"breadcrumb\":{\"@id\":\"https:\/\/luhacovice.cz\/akce\/4170a-vernisaz-je-libo-kavu\/#breadcrumb\"},\"inLanguage\":\"de\",\"potentialAction\":[{\"@type\":\"ReadAction\",\"target\":[\"https:\/\/luhacovice.cz\/akce\/4170a-vernisaz-je-libo-kavu\/\"]}]},{\"@type\":\"BreadcrumbList\",\"@id\":\"https:\/\/luhacovice.cz\/akce\/4170a-vernisaz-je-libo-kavu\/#breadcrumb\",\"itemListElement\":[{\"@type\":\"ListItem\",\"position\":1,\"name\":\"Home\",\"item\":\"https:\/\/luhacovice.cz\/de\/\"},{\"@type\":\"ListItem\",\"position\":2,\"name\":\"Akce\",\"item\":\"https:\/\/luhacovice.cz\/akce\/\"},{\"@type\":\"ListItem\",\"position\":3,\"name\":\"V\u00fdstava \/ Josef Pol\u00e1\u0161ek \/ Lid\u00e9 a krajina \/ kresby\"}]},{\"@type\":\"WebSite\",\"@id\":\"https:\/\/luhacovice.cz\/#website\",\"url\":\"https:\/\/luhacovice.cz\/\",\"name\":\"Luha\u010dovice.cz\",\"description\":\"Turistick\u00fd port\u00e1l Luha\u010dovice Pozlovice\",\"potentialAction\":[{\"@type\":\"SearchAction\",\"target\":{\"@type\":\"EntryPoint\",\"urlTemplate\":\"https:\/\/luhacovice.cz\/?s={search_term_string}\"},\"query-input\":\"required name=search_term_string\"}],\"inLanguage\":\"de\"}]}<\/script>\n<!-- \/ Yoast SEO plugin. -->","yoast_head_json":{"title":"V\u00fdstava \/ Josef Pol\u00e1\u0161ek \/ Lid\u00e9 a krajina \/ kresby - Luha\u010dovice.cz","robots":{"index":"index","follow":"follow","max-snippet":"max-snippet:-1","max-image-preview":"max-image-preview:large","max-video-preview":"max-video-preview:-1"},"canonical":"https:\/\/luhacovice.cz\/akce\/4170a-vernisaz-je-libo-kavu\/","og_locale":"de_DE","og_type":"article","og_title":"V\u00fdstava \/ Josef Pol\u00e1\u0161ek \/ Lid\u00e9 a krajina \/ kresby - Luha\u010dovice.cz","og_description":"Vernis\u00e1\u017e v\u00fdstavy v p\u00e1tek 11. 5. 2018 v 17:00 hod. \u00davodn\u00ed slovo: Akad. soch. Jan Zamazal. Hudebn\u00ed vstup: FS Leluja Josef Pol\u00e1\u0161ek, autodidakt, kter\u00fd kresl\u00ed a maluje pro radost, pro sv\u00e9 p\u0159\u00e1tele a nejbli\u017e\u0161\u00ed a pln\u00ed touto radost\u00ed a umem sv\u016fj nyn\u011bj\u0161\u00ed \u017eivot. Ztv\u00e1r\u0148uje motivy \u010dlov\u011bka, krajiny, rostlin, biblick\u00fdch postav a motivy folklorn\u00edho \u017eivota \u00a0... Artikel ansehen","og_url":"https:\/\/luhacovice.cz\/akce\/4170a-vernisaz-je-libo-kavu\/","og_site_name":"Luha\u010dovice.cz","og_image":[{"url":"https:\/\/scontent.fprg2-1.fna.fbcdn.net\/v\/t1.0-9\/31044735_1835801379803678_4673805479118397508_n.jpg?_nc_cat=0&amp;oh=5b217850051ddb6c30ebd24b9f0f7ad6&amp;oe=5B500612"}],"twitter_card":"summary_large_image","twitter_misc":{"Gesch\u00e4tzte Lesezeit":"3\u00a0Minuten"},"schema":{"@context":"https:\/\/schema.org","@graph":[{"@type":"WebPage","@id":"https:\/\/luhacovice.cz\/akce\/4170a-vernisaz-je-libo-kavu\/","url":"https:\/\/luhacovice.cz\/akce\/4170a-vernisaz-je-libo-kavu\/","name":"V\u00fdstava \/ Josef Pol\u00e1\u0161ek \/ Lid\u00e9 a krajina \/ kresby - Luha\u010dovice.cz","isPartOf":{"@id":"https:\/\/luhacovice.cz\/#website"},"datePublished":"2018-05-10T22:00:00+00:00","dateModified":"2018-05-10T22:00:00+00:00","breadcrumb":{"@id":"https:\/\/luhacovice.cz\/akce\/4170a-vernisaz-je-libo-kavu\/#breadcrumb"},"inLanguage":"de","potentialAction":[{"@type":"ReadAction","target":["https:\/\/luhacovice.cz\/akce\/4170a-vernisaz-je-libo-kavu\/"]}]},{"@type":"BreadcrumbList","@id":"https:\/\/luhacovice.cz\/akce\/4170a-vernisaz-je-libo-kavu\/#breadcrumb","itemListElement":[{"@type":"ListItem","position":1,"name":"Home","item":"https:\/\/luhacovice.cz\/de\/"},{"@type":"ListItem","position":2,"name":"Akce","item":"https:\/\/luhacovice.cz\/akce\/"},{"@type":"ListItem","position":3,"name":"V\u00fdstava \/ Josef Pol\u00e1\u0161ek \/ Lid\u00e9 a krajina \/ kresby"}]},{"@type":"WebSite","@id":"https:\/\/luhacovice.cz\/#website","url":"https:\/\/luhacovice.cz\/","name":"Luha\u010dovice.cz","description":"Turistick\u00fd port\u00e1l Luha\u010dovice Pozlovice","potentialAction":[{"@type":"SearchAction","target":{"@type":"EntryPoint","urlTemplate":"https:\/\/luhacovice.cz\/?s={search_term_string}"},"query-input":"required name=search_term_string"}],"inLanguage":"de"}]}},"_links":{"self":[{"href":"https:\/\/luhacovice.cz\/de\/wp-json\/wp\/v2\/akce\/7226"}],"collection":[{"href":"https:\/\/luhacovice.cz\/de\/wp-json\/wp\/v2\/akce"}],"about":[{"href":"https:\/\/luhacovice.cz\/de\/wp-json\/wp\/v2\/types\/akce"}],"wp:attachment":[{"href":"https:\/\/luhacovice.cz\/de\/wp-json\/wp\/v2\/media?parent=7226"}],"wp:term":[{"taxonomy":"druhy_akci","embeddable":true,"href":"https:\/\/luhacovice.cz\/de\/wp-json\/wp\/v2\/druhy_akci?post=7226"}],"curies":[{"name":"wp","href":"https:\/\/api.w.org\/{rel}","templated":true}]}}

Výstava / Josef Polášek / Lidé a krajina / kresby

<h1>Vernisáž výstavy v pátek 11. 5. 2018 v 17:00 hod.</h1>
<h1>Úvodní slovo: Akad. soch. Jan Zamazal. Hudební vstup: FS Leluja</h1>
<h1>Josef Polášek, autodidakt, který kreslí a maluje pro radost, pro své přátele a nejbližší a plní touto radostí a umem svůj nynější život. Ztvárňuje motivy člověka, krajiny, rostlin, biblických postav a motivy folklorního života</h1>
<p align="JUSTIFY"> </p>
<h1>Josef Polášek</h1>
<p> </p>
<p align="JUSTIFY">Narodil se ve Zlíně 2.8.1949</p>
<p align="JUSTIFY">Malování a kreslení bylo jeho zálibou již na škole. Touhu po dalším vědění a zdokonalování v tomto oboru chtěl záskat při studiu na Uměleckoprůmyslové škole. Tento životní cíl však nedošel bohužel tehdy naplnění.</p>
<p align="JUSTIFY">Talent, který mu byl dán však opatroval, a ten byl jeho společníkem i velkou inspirací na další životní pouti. Jeho profesní cesta se sice ubírala po jiné dráze, ale v srdci zůstávala potřeba hledání a naplnění životního ideálu kreslit a malovat.</p>
<p align="JUSTIFY">Píle, úsilí a profesionalita, která pana Poláška provází celým životem je základem, který formoval současnou tvorbu. Schopnost vážné a usilovné práce i hledání vlastního výtvarného výrazu a naplnění jsou zde představeny výběrem z celé šíře jeho prácí. Náměty jeho kresebe a pastelů mají překvapivou bohatost a šíři.</p>
<p align="JUSTIFY">Krajina, kterou zobrazuje je mu důvěrně známá, protože ji stále objevuje v okolí svého domova. Tato místa zná, hledá a studuje. Dokáže ji přednést se všemi atributy přírody jejím charakterem, náladou, světlem, atmosférou i zamlklostí až poetickou a řádem ročních období. Srozumitelnost  realistickoého vyjádření vybraného námětu je jeho niterným přesvědčením a filosofií.</p>
<p align="JUSTIFY">Velkým námětem jeho pastelů je člověk. Ten, který je součástí našeho světa i doby. Náměty pro portréty objevil a našel ve svých kamarádech, známých a ve vlastní rodině. Oslovují ho lidové folklorní slavnosti plné gest, života a přátelské atmosféry, která je mu blízká. Odvážně se zmocňuje i ztvárnění biblických postav, které dokáže vyjádřením typu představit v jejich vnitřní hloubce výrazu a pohnutí, s kterým nesou poselství pravdy a lásky. Zde našel autor inspiraci v knize Henryka Sienkijewicze Qvo vadis? Bylo by hrubou chybou nezmínit další oblast kreslířského zájmu a lásky autora, kterou jsou květiny. Propracovanost a řemeslné mistrovství pastelů nesené jásavou a plnou barevností je doplněné studijně filigránskou pečlivostí pro vyjádření charakteru květin. Tyto pastely jsou dokladem hledání jedinečnosti a originality přírody a její velikosti. Toto vše předkládá autor k posouzení vnímavým očím veřejnosti.</p>
<p align="JUSTIFY"><img decoding="async" src="https://scontent.fprg2-1.fna.fbcdn.net/v/t1.0-9/31044735_1835801379803678_4673805479118397508_n.jpg?_nc_cat=0&amp;oh=5b217850051ddb6c30ebd24b9f0f7ad6&amp;oe=5B500612" width="431" height="607" /></p>

<!-- This site is optimized with the Yoast SEO plugin v20.4 - https://yoast.com/wordpress/plugins/seo/ -->
<title>Výstava / Josef Polášek / Lidé a krajina / kresby - Luhačovice.cz</title>
<meta name="robots" content="index, follow, max-snippet:-1, max-image-preview:large, max-video-preview:-1" />
<link rel="canonical" href="https://luhacovice.cz/akce/4170a-vernisaz-je-libo-kavu/" />
<meta property="og:locale" content="de_DE" />
<meta property="og:type" content="article" />
<meta property="og:title" content="Výstava / Josef Polášek / Lidé a krajina / kresby - Luhačovice.cz" />
<meta property="og:description" content="Vernisáž výstavy v pátek 11. 5. 2018 v 17:00 hod. Úvodní slovo: Akad. soch. Jan Zamazal. Hudební vstup: FS Leluja Josef Polášek, autodidakt, který kreslí a maluje pro radost, pro své přátele a nejbližší a plní touto radostí a umem svůj nynější život. Ztvárňuje motivy člověka, krajiny, rostlin, biblických postav a motivy folklorního života  ... Artikel ansehen" />
<meta property="og:url" content="https://luhacovice.cz/akce/4170a-vernisaz-je-libo-kavu/" />
<meta property="og:site_name" content="Luhačovice.cz" />
<meta property="og:image" content="https://scontent.fprg2-1.fna.fbcdn.net/v/t1.0-9/31044735_1835801379803678_4673805479118397508_n.jpg?_nc_cat=0&amp;oh=5b217850051ddb6c30ebd24b9f0f7ad6&amp;oe=5B500612" />
<meta name="twitter:card" content="summary_large_image" />
<meta name="twitter:label1" content="Geschätzte Lesezeit" />
	<meta name="twitter:data1" content="3 Minuten" />
<script type="application/ld+json" class="yoast-schema-graph">{"@context":"https://schema.org","@graph":[{"@type":"WebPage","@id":"https://luhacovice.cz/akce/4170a-vernisaz-je-libo-kavu/","url":"https://luhacovice.cz/akce/4170a-vernisaz-je-libo-kavu/","name":"Výstava / Josef Polášek / Lidé a krajina / kresby - Luhačovice.cz","isPartOf":{"@id":"https://luhacovice.cz/#website"},"datePublished":"2018-05-10T22:00:00+00:00","dateModified":"2018-05-10T22:00:00+00:00","breadcrumb":{"@id":"https://luhacovice.cz/akce/4170a-vernisaz-je-libo-kavu/#breadcrumb"},"inLanguage":"de","potentialAction":[{"@type":"ReadAction","target":["https://luhacovice.cz/akce/4170a-vernisaz-je-libo-kavu/"]}]},{"@type":"BreadcrumbList","@id":"https://luhacovice.cz/akce/4170a-vernisaz-je-libo-kavu/#breadcrumb","itemListElement":[{"@type":"ListItem","position":1,"name":"Home","item":"https://luhacovice.cz/de/"},{"@type":"ListItem","position":2,"name":"Akce","item":"https://luhacovice.cz/akce/"},{"@type":"ListItem","position":3,"name":"Výstava / Josef Polášek / Lidé a krajina / kresby"}]},{"@type":"WebSite","@id":"https://luhacovice.cz/#website","url":"https://luhacovice.cz/","name":"Luhačovice.cz","description":"Turistický portál Luhačovice Pozlovice","potentialAction":[{"@type":"SearchAction","target":{"@type":"EntryPoint","urlTemplate":"https://luhacovice.cz/?s={search_term_string}"},"query-input":"required name=search_term_string"}],"inLanguage":"de"}]}</script>
<!-- / Yoast SEO plugin. -->

Výstava / Josef Polášek / Lidé a krajina / kresby - Luhačovice.cz

Vernisáž výstavy v pátek 11. 5. 2018 v 17:00 hod. Úvodní slovo: Akad. soch. Jan Zamazal. Hudební vstup: FS Leluja Josef Polášek, autodidakt, který kreslí a maluje pro radost, pro své přátele a nejbližší a plní touto radostí a umem svůj nynější život. Ztvárňuje motivy člověka, krajiny, rostlin, biblických postav a motivy folklorního života  ... Artikel ansehen

Luhačovice.cz

Turistický portál Luhačovice Pozlovice
