{"id":1031905,"date":"2021-09-22T08:44:18","date_gmt":"2021-09-22T06:44:18","guid":{"rendered":"https:\/\/luhacovice.cz\/?post_type=akce&#038;p=1031905"},"modified":"2021-09-22T08:44:21","modified_gmt":"2021-09-22T06:44:21","slug":"vystava-vladimir-kubik-drevene-betlemy-z-podkrkonosi","status":"publish","type":"akce","link":"https:\/\/luhacovice.cz\/en\/akce\/vystava-vladimir-kubik-drevene-betlemy-z-podkrkonosi\/","title":{"rendered":"V\u00fdstava Vladim\u00edr Kub\u00edk \/ D\u0159ev\u011bn\u00e9 betl\u00e9my z Podkrkono\u0161\u00ed"},"content":{"rendered":"\n<p>Setk\u00e1n\u00ed s kr\u00e1sn\u00fdmi d\u0159ev\u011bn\u00fdmi betl\u00e9my Vladim\u00edra Kub\u00edka. Kombinace d\u0159eva, kovu a kamen\u016f, d\u00edla charakteristick\u00e1 sv\u00fdm vzhledem i barevnost\u00ed. Jsou robustn\u00ed i jemn\u00e9 z\u00e1rove\u0148, abstraktn\u00ed, ale sou\u010dasn\u011b re\u00e1ln\u00e9, jsou barevn\u011b polychromovan\u00e9, ale vytv\u00e1\u0159ej\u00ed dojem jednobarevnosti. Autor p\u0159i jejich tvorb\u011b vych\u00e1z\u00ed z m\u00edstn\u00edch betl\u00e9m\u00e1\u0159sk\u00fdch tradic, ale omezuje se pouze na z\u00e1kladn\u00ed figury s minimem ovc\u00ed \u010di darovn\u00edk\u016f, \u010d\u00edm\u017e se odli\u0161uje od tradi\u010dn\u00edch lidov\u00fdch betl\u00e9m\u016f. Takto pojat\u00e9 \u201ejesli\u010dky\u201c jsou statick\u00e9 a sp\u00ed\u0161e minimalistick\u00e9. Ka\u017edoro\u010dn\u011b vznik\u00e1 s\u00e9rie men\u0161\u00edch, pov\u011bt\u0161inou z\u00e1v\u011bsn\u00fdch betl\u00e9m\u016f a jedno d\u00edlo v\u011bt\u0161\u00edch rozm\u011br\u016f, ur\u010den\u00e9 do exteri\u00e9ru. V\u011bt\u0161ina d\u011bl Vladim\u00edra Kub\u00edka se nach\u00e1z\u00ed p\u0159edev\u0161\u00edm v soukrom\u00fdch sb\u00edrk\u00e1ch, a to doma i v zahrani\u010d\u00ed.<\/p>\n","protected":false},"featured_media":1031906,"template":"","meta":[],"druhy_akci":[20],"yoast_head":"<!-- This site is optimized with the Yoast SEO plugin v20.4 - https:\/\/yoast.com\/wordpress\/plugins\/seo\/ -->\n<title>V\u00fdstava Vladim\u00edr Kub\u00edk \/ D\u0159ev\u011bn\u00e9 betl\u00e9my z Podkrkono\u0161\u00ed - Luha\u010dovice.cz<\/title>\n<meta name=\"robots\" content=\"index, follow, max-snippet:-1, max-image-preview:large, max-video-preview:-1\" \/>\n<link rel=\"canonical\" href=\"https:\/\/luhacovice.cz\/de\/akce\/vystava-vladimir-kubik-drevene-betlemy-z-podkrkonosi\/\" \/>\n<meta property=\"og:locale\" content=\"en_US\" \/>\n<meta property=\"og:type\" content=\"article\" \/>\n<meta property=\"og:title\" content=\"V\u00fdstava Vladim\u00edr Kub\u00edk \/ D\u0159ev\u011bn\u00e9 betl\u00e9my z Podkrkono\u0161\u00ed - Luha\u010dovice.cz\" \/>\n<meta property=\"og:description\" content=\"Setk\u00e1n\u00ed s kr\u00e1sn\u00fdmi d\u0159ev\u011bn\u00fdmi betl\u00e9my Vladim\u00edra Kub\u00edka. Kombinace d\u0159eva, kovu a kamen\u016f, d\u00edla charakteristick\u00e1 sv\u00fdm vzhledem i barevnost\u00ed. Jsou robustn\u00ed i jemn\u00e9 z\u00e1rove\u0148, abstraktn\u00ed, ale sou\u010dasn\u011b re\u00e1ln\u00e9, jsou barevn\u011b polychromovan\u00e9, ale vytv\u00e1\u0159ej\u00ed dojem jednobarevnosti. Autor p\u0159i jejich tvorb\u011b vych\u00e1z\u00ed z m\u00edstn\u00edch betl\u00e9m\u00e1\u0159sk\u00fdch tradic, ale omezuje se pouze na z\u00e1kladn\u00ed figury s minimem ovc\u00ed \u010di darovn\u00edk\u016f,... View Article\" \/>\n<meta property=\"og:url\" content=\"https:\/\/luhacovice.cz\/de\/akce\/vystava-vladimir-kubik-drevene-betlemy-z-podkrkonosi\/\" \/>\n<meta property=\"og:site_name\" content=\"Luha\u010dovice.cz\" \/>\n<meta property=\"article:modified_time\" content=\"2021-09-22T06:44:21+00:00\" \/>\n<meta property=\"og:image\" content=\"https:\/\/luhacovice.cz\/wp-content\/uploads\/2021\/09\/betlemy-kubik_vystava-luhacovice.jpg\" \/>\n\t<meta property=\"og:image:width\" content=\"800\" \/>\n\t<meta property=\"og:image:height\" content=\"600\" \/>\n\t<meta property=\"og:image:type\" content=\"image\/jpeg\" \/>\n<meta name=\"twitter:card\" content=\"summary_large_image\" \/>\n<meta name=\"twitter:label1\" content=\"Est. reading time\" \/>\n\t<meta name=\"twitter:data1\" content=\"1 minute\" \/>\n<script type=\"application\/ld+json\" class=\"yoast-schema-graph\">{\"@context\":\"https:\/\/schema.org\",\"@graph\":[{\"@type\":\"WebPage\",\"@id\":\"https:\/\/luhacovice.cz\/de\/akce\/vystava-vladimir-kubik-drevene-betlemy-z-podkrkonosi\/\",\"url\":\"https:\/\/luhacovice.cz\/de\/akce\/vystava-vladimir-kubik-drevene-betlemy-z-podkrkonosi\/\",\"name\":\"V\u00fdstava Vladim\u00edr Kub\u00edk \/ D\u0159ev\u011bn\u00e9 betl\u00e9my z Podkrkono\u0161\u00ed - Luha\u010dovice.cz\",\"isPartOf\":{\"@id\":\"https:\/\/luhacovice.cz\/#website\"},\"datePublished\":\"2021-09-22T06:44:18+00:00\",\"dateModified\":\"2021-09-22T06:44:21+00:00\",\"breadcrumb\":{\"@id\":\"https:\/\/luhacovice.cz\/de\/akce\/vystava-vladimir-kubik-drevene-betlemy-z-podkrkonosi\/#breadcrumb\"},\"inLanguage\":\"en-US\",\"potentialAction\":[{\"@type\":\"ReadAction\",\"target\":[\"https:\/\/luhacovice.cz\/de\/akce\/vystava-vladimir-kubik-drevene-betlemy-z-podkrkonosi\/\"]}]},{\"@type\":\"BreadcrumbList\",\"@id\":\"https:\/\/luhacovice.cz\/de\/akce\/vystava-vladimir-kubik-drevene-betlemy-z-podkrkonosi\/#breadcrumb\",\"itemListElement\":[{\"@type\":\"ListItem\",\"position\":1,\"name\":\"Home\",\"item\":\"https:\/\/luhacovice.cz\/en\/\"},{\"@type\":\"ListItem\",\"position\":2,\"name\":\"Akce\",\"item\":\"https:\/\/luhacovice.cz\/akce\/\"},{\"@type\":\"ListItem\",\"position\":3,\"name\":\"V\u00fdstava Vladim\u00edr Kub\u00edk \/ D\u0159ev\u011bn\u00e9 betl\u00e9my z Podkrkono\u0161\u00ed\"}]},{\"@type\":\"WebSite\",\"@id\":\"https:\/\/luhacovice.cz\/#website\",\"url\":\"https:\/\/luhacovice.cz\/\",\"name\":\"Luha\u010dovice.cz\",\"description\":\"Turistick\u00fd port\u00e1l Luha\u010dovice Pozlovice\",\"potentialAction\":[{\"@type\":\"SearchAction\",\"target\":{\"@type\":\"EntryPoint\",\"urlTemplate\":\"https:\/\/luhacovice.cz\/?s={search_term_string}\"},\"query-input\":\"required name=search_term_string\"}],\"inLanguage\":\"en-US\"}]}<\/script>\n<!-- \/ Yoast SEO plugin. -->","yoast_head_json":{"title":"V\u00fdstava Vladim\u00edr Kub\u00edk \/ D\u0159ev\u011bn\u00e9 betl\u00e9my z Podkrkono\u0161\u00ed - Luha\u010dovice.cz","robots":{"index":"index","follow":"follow","max-snippet":"max-snippet:-1","max-image-preview":"max-image-preview:large","max-video-preview":"max-video-preview:-1"},"canonical":"https:\/\/luhacovice.cz\/de\/akce\/vystava-vladimir-kubik-drevene-betlemy-z-podkrkonosi\/","og_locale":"en_US","og_type":"article","og_title":"V\u00fdstava Vladim\u00edr Kub\u00edk \/ D\u0159ev\u011bn\u00e9 betl\u00e9my z Podkrkono\u0161\u00ed - Luha\u010dovice.cz","og_description":"Setk\u00e1n\u00ed s kr\u00e1sn\u00fdmi d\u0159ev\u011bn\u00fdmi betl\u00e9my Vladim\u00edra Kub\u00edka. Kombinace d\u0159eva, kovu a kamen\u016f, d\u00edla charakteristick\u00e1 sv\u00fdm vzhledem i barevnost\u00ed. Jsou robustn\u00ed i jemn\u00e9 z\u00e1rove\u0148, abstraktn\u00ed, ale sou\u010dasn\u011b re\u00e1ln\u00e9, jsou barevn\u011b polychromovan\u00e9, ale vytv\u00e1\u0159ej\u00ed dojem jednobarevnosti. Autor p\u0159i jejich tvorb\u011b vych\u00e1z\u00ed z m\u00edstn\u00edch betl\u00e9m\u00e1\u0159sk\u00fdch tradic, ale omezuje se pouze na z\u00e1kladn\u00ed figury s minimem ovc\u00ed \u010di darovn\u00edk\u016f,... View Article","og_url":"https:\/\/luhacovice.cz\/de\/akce\/vystava-vladimir-kubik-drevene-betlemy-z-podkrkonosi\/","og_site_name":"Luha\u010dovice.cz","article_modified_time":"2021-09-22T06:44:21+00:00","og_image":[{"width":800,"height":600,"url":"https:\/\/luhacovice.cz\/wp-content\/uploads\/2021\/09\/betlemy-kubik_vystava-luhacovice.jpg","type":"image\/jpeg"}],"twitter_card":"summary_large_image","twitter_misc":{"Est. reading time":"1 minute"},"schema":{"@context":"https:\/\/schema.org","@graph":[{"@type":"WebPage","@id":"https:\/\/luhacovice.cz\/de\/akce\/vystava-vladimir-kubik-drevene-betlemy-z-podkrkonosi\/","url":"https:\/\/luhacovice.cz\/de\/akce\/vystava-vladimir-kubik-drevene-betlemy-z-podkrkonosi\/","name":"V\u00fdstava Vladim\u00edr Kub\u00edk \/ D\u0159ev\u011bn\u00e9 betl\u00e9my z Podkrkono\u0161\u00ed - Luha\u010dovice.cz","isPartOf":{"@id":"https:\/\/luhacovice.cz\/#website"},"datePublished":"2021-09-22T06:44:18+00:00","dateModified":"2021-09-22T06:44:21+00:00","breadcrumb":{"@id":"https:\/\/luhacovice.cz\/de\/akce\/vystava-vladimir-kubik-drevene-betlemy-z-podkrkonosi\/#breadcrumb"},"inLanguage":"en-US","potentialAction":[{"@type":"ReadAction","target":["https:\/\/luhacovice.cz\/de\/akce\/vystava-vladimir-kubik-drevene-betlemy-z-podkrkonosi\/"]}]},{"@type":"BreadcrumbList","@id":"https:\/\/luhacovice.cz\/de\/akce\/vystava-vladimir-kubik-drevene-betlemy-z-podkrkonosi\/#breadcrumb","itemListElement":[{"@type":"ListItem","position":1,"name":"Home","item":"https:\/\/luhacovice.cz\/en\/"},{"@type":"ListItem","position":2,"name":"Akce","item":"https:\/\/luhacovice.cz\/akce\/"},{"@type":"ListItem","position":3,"name":"V\u00fdstava Vladim\u00edr Kub\u00edk \/ D\u0159ev\u011bn\u00e9 betl\u00e9my z Podkrkono\u0161\u00ed"}]},{"@type":"WebSite","@id":"https:\/\/luhacovice.cz\/#website","url":"https:\/\/luhacovice.cz\/","name":"Luha\u010dovice.cz","description":"Turistick\u00fd port\u00e1l Luha\u010dovice Pozlovice","potentialAction":[{"@type":"SearchAction","target":{"@type":"EntryPoint","urlTemplate":"https:\/\/luhacovice.cz\/?s={search_term_string}"},"query-input":"required name=search_term_string"}],"inLanguage":"en-US"}]}},"_links":{"self":[{"href":"https:\/\/luhacovice.cz\/en\/wp-json\/wp\/v2\/akce\/1031905"}],"collection":[{"href":"https:\/\/luhacovice.cz\/en\/wp-json\/wp\/v2\/akce"}],"about":[{"href":"https:\/\/luhacovice.cz\/en\/wp-json\/wp\/v2\/types\/akce"}],"wp:featuredmedia":[{"embeddable":true,"href":"https:\/\/luhacovice.cz\/en\/wp-json\/wp\/v2\/media\/1031906"}],"wp:attachment":[{"href":"https:\/\/luhacovice.cz\/en\/wp-json\/wp\/v2\/media?parent=1031905"}],"wp:term":[{"taxonomy":"druhy_akci","embeddable":true,"href":"https:\/\/luhacovice.cz\/en\/wp-json\/wp\/v2\/druhy_akci?post=1031905"}],"curies":[{"name":"wp","href":"https:\/\/api.w.org\/{rel}","templated":true}]}}

Výstava Vladimír Kubík / Dřevěné betlémy z Podkrkonoší

<p>Setkání s krásnými dřevěnými betlémy Vladimíra Kubíka. Kombinace dřeva, kovu a kamenů, díla charakteristická svým vzhledem i barevností. Jsou robustní i jemné zároveň, abstraktní, ale současně reálné, jsou barevně polychromované, ale vytvářejí dojem jednobarevnosti. Autor při jejich tvorbě vychází z místních betlémářských tradic, ale omezuje se pouze na základní figury s minimem ovcí či darovníků, čímž se odlišuje od tradičních lidových betlémů. Takto pojaté „jesličky“ jsou statické a spíše minimalistické. Každoročně vzniká série menších, povětšinou závěsných betlémů a jedno dílo větších rozměrů, určené do exteriéru. Většina děl Vladimíra Kubíka se nachází především v soukromých sbírkách, a to doma i v zahraničí.</p>

<!-- This site is optimized with the Yoast SEO plugin v20.4 - https://yoast.com/wordpress/plugins/seo/ -->
<title>Výstava Vladimír Kubík / Dřevěné betlémy z Podkrkonoší - Luhačovice.cz</title>
<meta name="robots" content="index, follow, max-snippet:-1, max-image-preview:large, max-video-preview:-1" />
<link rel="canonical" href="https://luhacovice.cz/de/akce/vystava-vladimir-kubik-drevene-betlemy-z-podkrkonosi/" />
<meta property="og:locale" content="en_US" />
<meta property="og:type" content="article" />
<meta property="og:title" content="Výstava Vladimír Kubík / Dřevěné betlémy z Podkrkonoší - Luhačovice.cz" />
<meta property="og:description" content="Setkání s krásnými dřevěnými betlémy Vladimíra Kubíka. Kombinace dřeva, kovu a kamenů, díla charakteristická svým vzhledem i barevností. Jsou robustní i jemné zároveň, abstraktní, ale současně reálné, jsou barevně polychromované, ale vytvářejí dojem jednobarevnosti. Autor při jejich tvorbě vychází z místních betlémářských tradic, ale omezuje se pouze na základní figury s minimem ovcí či darovníků,... View Article" />
<meta property="og:url" content="https://luhacovice.cz/de/akce/vystava-vladimir-kubik-drevene-betlemy-z-podkrkonosi/" />
<meta property="og:site_name" content="Luhačovice.cz" />
<meta property="article:modified_time" content="2021-09-22T06:44:21+00:00" />
<meta property="og:image" content="https://luhacovice.cz/wp-content/uploads/2021/09/betlemy-kubik_vystava-luhacovice.jpg" />
	<meta property="og:image:width" content="800" />
	<meta property="og:image:height" content="600" />
	<meta property="og:image:type" content="image/jpeg" />
<meta name="twitter:card" content="summary_large_image" />
<meta name="twitter:label1" content="Est. reading time" />
	<meta name="twitter:data1" content="1 minute" />
<script type="application/ld+json" class="yoast-schema-graph">{"@context":"https://schema.org","@graph":[{"@type":"WebPage","@id":"https://luhacovice.cz/de/akce/vystava-vladimir-kubik-drevene-betlemy-z-podkrkonosi/","url":"https://luhacovice.cz/de/akce/vystava-vladimir-kubik-drevene-betlemy-z-podkrkonosi/","name":"Výstava Vladimír Kubík / Dřevěné betlémy z Podkrkonoší - Luhačovice.cz","isPartOf":{"@id":"https://luhacovice.cz/#website"},"datePublished":"2021-09-22T06:44:18+00:00","dateModified":"2021-09-22T06:44:21+00:00","breadcrumb":{"@id":"https://luhacovice.cz/de/akce/vystava-vladimir-kubik-drevene-betlemy-z-podkrkonosi/#breadcrumb"},"inLanguage":"en-US","potentialAction":[{"@type":"ReadAction","target":["https://luhacovice.cz/de/akce/vystava-vladimir-kubik-drevene-betlemy-z-podkrkonosi/"]}]},{"@type":"BreadcrumbList","@id":"https://luhacovice.cz/de/akce/vystava-vladimir-kubik-drevene-betlemy-z-podkrkonosi/#breadcrumb","itemListElement":[{"@type":"ListItem","position":1,"name":"Home","item":"https://luhacovice.cz/en/"},{"@type":"ListItem","position":2,"name":"Akce","item":"https://luhacovice.cz/akce/"},{"@type":"ListItem","position":3,"name":"Výstava Vladimír Kubík / Dřevěné betlémy z Podkrkonoší"}]},{"@type":"WebSite","@id":"https://luhacovice.cz/#website","url":"https://luhacovice.cz/","name":"Luhačovice.cz","description":"Turistický portál Luhačovice Pozlovice","potentialAction":[{"@type":"SearchAction","target":{"@type":"EntryPoint","urlTemplate":"https://luhacovice.cz/?s={search_term_string}"},"query-input":"required name=search_term_string"}],"inLanguage":"en-US"}]}</script>
<!-- / Yoast SEO plugin. -->

Výstava Vladimír Kubík / Dřevěné betlémy z Podkrkonoší - Luhačovice.cz

Setkání s krásnými dřevěnými betlémy Vladimíra Kubíka. Kombinace dřeva, kovu a kamenů, díla charakteristická svým vzhledem i barevností. Jsou robustní i jemné zároveň, abstraktní, ale současně reálné, jsou barevně polychromované, ale vytvářejí dojem jednobarevnosti. Autor při jejich tvorbě vychází z místních betlémářských tradic, ale omezuje se pouze na základní figury s minimem ovcí či darovníků,... View Article

Luhačovice.cz

Turistický portál Luhačovice Pozlovice
