{"id":5306,"date":"2011-11-15T00:00:00","date_gmt":"2011-11-14T23:00:00","guid":{"rendered":"https:\/\/luhacovice.cz\/akce\/483a-vystava-quot-vidim-a-proto-musim-malovat-quot\/"},"modified":"2011-11-15T00:00:00","modified_gmt":"2011-11-14T23:00:00","slug":"483a-vystava-quot-vidim-a-proto-musim-malovat-quot","status":"publish","type":"akce","link":"https:\/\/luhacovice.cz\/en\/akce\/483a-vystava-quot-vidim-a-proto-musim-malovat-quot\/","title":{"rendered":"V\u00fdstava \/ &quot;Vid\u00edm, a proto mus\u00edm malovat&quot;"},"content":{"rendered":"<p>Slavnostn\u00ed vernis\u00e1\u017e prob\u011bhne 15. listopadu v 17.00 hod. Vstup voln\u00fd.<\/p>\n<p>P\u0159\u00edzna\u010dn\u00fd n\u00e1zev v\u00fdstavy obraz\u016f olomouck\u00e9ho rod\u00e1ka Marcela Hub\u00e1\u010dka<br \/>(1964)  &#8220;Vid\u00edm, a proto mus\u00edm malovat&#8221; symbolizuje jeho dar vid\u011bt a<br \/>posl\u00e9ze dotvo\u0159it  ve v\u0161em a ze v\u0161eho um\u011bleck\u00e9 d\u00edlo. Svou inspiraci<br \/>nach\u00e1z\u00ed uprost\u0159ed p\u0159\u00edrody,  na \u017delechovick\u00fdch pasek\u00e1ch, kde bydl\u00ed a kde<br \/>se c\u00edt\u00ed b\u00fdt \u0161\u0165astn\u00fd. Spojen\u00ed s  p\u0159\u00edrodou se pro n\u011bj stalo nutnost\u00ed,<br \/>kter\u00e1 mu d\u00e1v\u00e1 tvo\u0159ivou i l\u00e9\u010debnou s\u00edlu.  Je to ale tak\u00e9 prostor jeho<br \/>neskonal\u00e9 svobody a volnosti. Marcel Hub\u00e1\u010dek  sv\u00fdmi obrazy poukazuje<br \/>nejen na vz\u00e1jemn\u00e9 ovliv\u0148ov\u00e1n\u00ed \u010dlov\u011bka a p\u0159\u00edrody, ale  tak\u00e9 na nal\u00e9havou<br \/>osudovost mezilidsk\u00fdch vztah\u016f, zrcadl\u00edc\u00edch v cel\u00e9m na\u0161em  po\u010d\u00edn\u00e1n\u00ed.<br \/>\u010cist\u00e9 linie interi\u00e9ru pam\u00e1tkov\u011b chr\u00e1n\u011bn\u00e9 funkcionalistick\u00e9  vily<br \/>nech\u00e1vaj\u00ed Hub\u00e1\u010dkovy obrazy vyniknout a z\u00e1rove\u0148 dotv\u00e1\u0159ej\u00ed p\u0159i  jejich<br \/>prohl\u00eddce jedine\u010dn\u00fd um\u011bleck\u00fd z\u00e1\u017eitek.<\/p>\n","protected":false},"featured_media":0,"template":"","meta":[],"druhy_akci":[20],"yoast_head":"<!-- This site is optimized with the Yoast SEO plugin v20.4 - https:\/\/yoast.com\/wordpress\/plugins\/seo\/ -->\n<title>V\u00fdstava \/ &quot;Vid\u00edm, a proto mus\u00edm malovat&quot; - Luha\u010dovice.cz<\/title>\n<meta name=\"robots\" content=\"index, follow, max-snippet:-1, max-image-preview:large, max-video-preview:-1\" \/>\n<link rel=\"canonical\" href=\"https:\/\/luhacovice.cz\/akce\/483a-vystava-quot-vidim-a-proto-musim-malovat-quot\/\" \/>\n<meta property=\"og:locale\" content=\"en_US\" \/>\n<meta property=\"og:type\" content=\"article\" \/>\n<meta property=\"og:title\" content=\"V\u00fdstava \/ &quot;Vid\u00edm, a proto mus\u00edm malovat&quot; - Luha\u010dovice.cz\" \/>\n<meta property=\"og:description\" content=\"Slavnostn\u00ed vernis\u00e1\u017e prob\u011bhne 15. listopadu v 17.00 hod. Vstup voln\u00fd. P\u0159\u00edzna\u010dn\u00fd n\u00e1zev v\u00fdstavy obraz\u016f olomouck\u00e9ho rod\u00e1ka Marcela Hub\u00e1\u010dka(1964) &#8220;Vid\u00edm, a proto mus\u00edm malovat&#8221; symbolizuje jeho dar vid\u011bt aposl\u00e9ze dotvo\u0159it ve v\u0161em a ze v\u0161eho um\u011bleck\u00e9 d\u00edlo. Svou inspiracinach\u00e1z\u00ed uprost\u0159ed p\u0159\u00edrody, na \u017delechovick\u00fdch pasek\u00e1ch, kde bydl\u00ed a kdese c\u00edt\u00ed b\u00fdt \u0161\u0165astn\u00fd. Spojen\u00ed s p\u0159\u00edrodou se pro... View Article\" \/>\n<meta property=\"og:url\" content=\"https:\/\/luhacovice.cz\/akce\/483a-vystava-quot-vidim-a-proto-musim-malovat-quot\/\" \/>\n<meta property=\"og:site_name\" content=\"Luha\u010dovice.cz\" \/>\n<meta name=\"twitter:card\" content=\"summary_large_image\" \/>\n<meta name=\"twitter:label1\" content=\"Est. reading time\" \/>\n\t<meta name=\"twitter:data1\" content=\"1 minute\" \/>\n<script type=\"application\/ld+json\" class=\"yoast-schema-graph\">{\"@context\":\"https:\/\/schema.org\",\"@graph\":[{\"@type\":\"WebPage\",\"@id\":\"https:\/\/luhacovice.cz\/akce\/483a-vystava-quot-vidim-a-proto-musim-malovat-quot\/\",\"url\":\"https:\/\/luhacovice.cz\/akce\/483a-vystava-quot-vidim-a-proto-musim-malovat-quot\/\",\"name\":\"V\u00fdstava \/ &quot;Vid\u00edm, a proto mus\u00edm malovat&quot; - Luha\u010dovice.cz\",\"isPartOf\":{\"@id\":\"https:\/\/luhacovice.cz\/#website\"},\"datePublished\":\"2011-11-14T23:00:00+00:00\",\"dateModified\":\"2011-11-14T23:00:00+00:00\",\"breadcrumb\":{\"@id\":\"https:\/\/luhacovice.cz\/akce\/483a-vystava-quot-vidim-a-proto-musim-malovat-quot\/#breadcrumb\"},\"inLanguage\":\"en-US\",\"potentialAction\":[{\"@type\":\"ReadAction\",\"target\":[\"https:\/\/luhacovice.cz\/akce\/483a-vystava-quot-vidim-a-proto-musim-malovat-quot\/\"]}]},{\"@type\":\"BreadcrumbList\",\"@id\":\"https:\/\/luhacovice.cz\/akce\/483a-vystava-quot-vidim-a-proto-musim-malovat-quot\/#breadcrumb\",\"itemListElement\":[{\"@type\":\"ListItem\",\"position\":1,\"name\":\"Home\",\"item\":\"https:\/\/luhacovice.cz\/en\/\"},{\"@type\":\"ListItem\",\"position\":2,\"name\":\"Akce\",\"item\":\"https:\/\/luhacovice.cz\/akce\/\"},{\"@type\":\"ListItem\",\"position\":3,\"name\":\"V\u00fdstava \/ &quot;Vid\u00edm, a proto mus\u00edm malovat&quot;\"}]},{\"@type\":\"WebSite\",\"@id\":\"https:\/\/luhacovice.cz\/#website\",\"url\":\"https:\/\/luhacovice.cz\/\",\"name\":\"Luha\u010dovice.cz\",\"description\":\"Turistick\u00fd port\u00e1l Luha\u010dovice Pozlovice\",\"potentialAction\":[{\"@type\":\"SearchAction\",\"target\":{\"@type\":\"EntryPoint\",\"urlTemplate\":\"https:\/\/luhacovice.cz\/?s={search_term_string}\"},\"query-input\":\"required name=search_term_string\"}],\"inLanguage\":\"en-US\"}]}<\/script>\n<!-- \/ Yoast SEO plugin. -->","yoast_head_json":{"title":"V\u00fdstava \/ &quot;Vid\u00edm, a proto mus\u00edm malovat&quot; - Luha\u010dovice.cz","robots":{"index":"index","follow":"follow","max-snippet":"max-snippet:-1","max-image-preview":"max-image-preview:large","max-video-preview":"max-video-preview:-1"},"canonical":"https:\/\/luhacovice.cz\/akce\/483a-vystava-quot-vidim-a-proto-musim-malovat-quot\/","og_locale":"en_US","og_type":"article","og_title":"V\u00fdstava \/ &quot;Vid\u00edm, a proto mus\u00edm malovat&quot; - Luha\u010dovice.cz","og_description":"Slavnostn\u00ed vernis\u00e1\u017e prob\u011bhne 15. listopadu v 17.00 hod. Vstup voln\u00fd. P\u0159\u00edzna\u010dn\u00fd n\u00e1zev v\u00fdstavy obraz\u016f olomouck\u00e9ho rod\u00e1ka Marcela Hub\u00e1\u010dka(1964) &#8220;Vid\u00edm, a proto mus\u00edm malovat&#8221; symbolizuje jeho dar vid\u011bt aposl\u00e9ze dotvo\u0159it ve v\u0161em a ze v\u0161eho um\u011bleck\u00e9 d\u00edlo. Svou inspiracinach\u00e1z\u00ed uprost\u0159ed p\u0159\u00edrody, na \u017delechovick\u00fdch pasek\u00e1ch, kde bydl\u00ed a kdese c\u00edt\u00ed b\u00fdt \u0161\u0165astn\u00fd. Spojen\u00ed s p\u0159\u00edrodou se pro... View Article","og_url":"https:\/\/luhacovice.cz\/akce\/483a-vystava-quot-vidim-a-proto-musim-malovat-quot\/","og_site_name":"Luha\u010dovice.cz","twitter_card":"summary_large_image","twitter_misc":{"Est. reading time":"1 minute"},"schema":{"@context":"https:\/\/schema.org","@graph":[{"@type":"WebPage","@id":"https:\/\/luhacovice.cz\/akce\/483a-vystava-quot-vidim-a-proto-musim-malovat-quot\/","url":"https:\/\/luhacovice.cz\/akce\/483a-vystava-quot-vidim-a-proto-musim-malovat-quot\/","name":"V\u00fdstava \/ &quot;Vid\u00edm, a proto mus\u00edm malovat&quot; - Luha\u010dovice.cz","isPartOf":{"@id":"https:\/\/luhacovice.cz\/#website"},"datePublished":"2011-11-14T23:00:00+00:00","dateModified":"2011-11-14T23:00:00+00:00","breadcrumb":{"@id":"https:\/\/luhacovice.cz\/akce\/483a-vystava-quot-vidim-a-proto-musim-malovat-quot\/#breadcrumb"},"inLanguage":"en-US","potentialAction":[{"@type":"ReadAction","target":["https:\/\/luhacovice.cz\/akce\/483a-vystava-quot-vidim-a-proto-musim-malovat-quot\/"]}]},{"@type":"BreadcrumbList","@id":"https:\/\/luhacovice.cz\/akce\/483a-vystava-quot-vidim-a-proto-musim-malovat-quot\/#breadcrumb","itemListElement":[{"@type":"ListItem","position":1,"name":"Home","item":"https:\/\/luhacovice.cz\/en\/"},{"@type":"ListItem","position":2,"name":"Akce","item":"https:\/\/luhacovice.cz\/akce\/"},{"@type":"ListItem","position":3,"name":"V\u00fdstava \/ &quot;Vid\u00edm, a proto mus\u00edm malovat&quot;"}]},{"@type":"WebSite","@id":"https:\/\/luhacovice.cz\/#website","url":"https:\/\/luhacovice.cz\/","name":"Luha\u010dovice.cz","description":"Turistick\u00fd port\u00e1l Luha\u010dovice Pozlovice","potentialAction":[{"@type":"SearchAction","target":{"@type":"EntryPoint","urlTemplate":"https:\/\/luhacovice.cz\/?s={search_term_string}"},"query-input":"required name=search_term_string"}],"inLanguage":"en-US"}]}},"_links":{"self":[{"href":"https:\/\/luhacovice.cz\/en\/wp-json\/wp\/v2\/akce\/5306"}],"collection":[{"href":"https:\/\/luhacovice.cz\/en\/wp-json\/wp\/v2\/akce"}],"about":[{"href":"https:\/\/luhacovice.cz\/en\/wp-json\/wp\/v2\/types\/akce"}],"wp:attachment":[{"href":"https:\/\/luhacovice.cz\/en\/wp-json\/wp\/v2\/media?parent=5306"}],"wp:term":[{"taxonomy":"druhy_akci","embeddable":true,"href":"https:\/\/luhacovice.cz\/en\/wp-json\/wp\/v2\/druhy_akci?post=5306"}],"curies":[{"name":"wp","href":"https:\/\/api.w.org\/{rel}","templated":true}]}}

Výstava / &quot;Vidím, a proto musím malovat&quot;

<p>Slavnostní vernisáž proběhne 15. listopadu v 17.00 hod. Vstup volný.</p>
<p>Příznačný název výstavy obrazů olomouckého rodáka Marcela Hubáčka<br />(1964)  &#8220;Vidím, a proto musím malovat&#8221; symbolizuje jeho dar vidět a<br />posléze dotvořit  ve všem a ze všeho umělecké dílo. Svou inspiraci<br />nachází uprostřed přírody,  na Želechovických pasekách, kde bydlí a kde<br />se cítí být šťastný. Spojení s  přírodou se pro něj stalo nutností,<br />která mu dává tvořivou i léčebnou sílu.  Je to ale také prostor jeho<br />neskonalé svobody a volnosti. Marcel Hubáček  svými obrazy poukazuje<br />nejen na vzájemné ovlivňování člověka a přírody, ale  také na naléhavou<br />osudovost mezilidských vztahů, zrcadlících v celém našem  počínání.<br />Čisté linie interiéru památkově chráněné funkcionalistické  vily<br />nechávají Hubáčkovy obrazy vyniknout a zároveň dotvářejí při  jejich<br />prohlídce jedinečný umělecký zážitek.</p>

<!-- This site is optimized with the Yoast SEO plugin v20.4 - https://yoast.com/wordpress/plugins/seo/ -->
<title>Výstava / &quot;Vidím, a proto musím malovat&quot; - Luhačovice.cz</title>
<meta name="robots" content="index, follow, max-snippet:-1, max-image-preview:large, max-video-preview:-1" />
<link rel="canonical" href="https://luhacovice.cz/akce/483a-vystava-quot-vidim-a-proto-musim-malovat-quot/" />
<meta property="og:locale" content="en_US" />
<meta property="og:type" content="article" />
<meta property="og:title" content="Výstava / &quot;Vidím, a proto musím malovat&quot; - Luhačovice.cz" />
<meta property="og:description" content="Slavnostní vernisáž proběhne 15. listopadu v 17.00 hod. Vstup volný. Příznačný název výstavy obrazů olomouckého rodáka Marcela Hubáčka(1964) &#8220;Vidím, a proto musím malovat&#8221; symbolizuje jeho dar vidět aposléze dotvořit ve všem a ze všeho umělecké dílo. Svou inspiracinachází uprostřed přírody, na Želechovických pasekách, kde bydlí a kdese cítí být šťastný. Spojení s přírodou se pro... View Article" />
<meta property="og:url" content="https://luhacovice.cz/akce/483a-vystava-quot-vidim-a-proto-musim-malovat-quot/" />
<meta property="og:site_name" content="Luhačovice.cz" />
<meta name="twitter:card" content="summary_large_image" />
<meta name="twitter:label1" content="Est. reading time" />
	<meta name="twitter:data1" content="1 minute" />
<script type="application/ld+json" class="yoast-schema-graph">{"@context":"https://schema.org","@graph":[{"@type":"WebPage","@id":"https://luhacovice.cz/akce/483a-vystava-quot-vidim-a-proto-musim-malovat-quot/","url":"https://luhacovice.cz/akce/483a-vystava-quot-vidim-a-proto-musim-malovat-quot/","name":"Výstava / &quot;Vidím, a proto musím malovat&quot; - Luhačovice.cz","isPartOf":{"@id":"https://luhacovice.cz/#website"},"datePublished":"2011-11-14T23:00:00+00:00","dateModified":"2011-11-14T23:00:00+00:00","breadcrumb":{"@id":"https://luhacovice.cz/akce/483a-vystava-quot-vidim-a-proto-musim-malovat-quot/#breadcrumb"},"inLanguage":"en-US","potentialAction":[{"@type":"ReadAction","target":["https://luhacovice.cz/akce/483a-vystava-quot-vidim-a-proto-musim-malovat-quot/"]}]},{"@type":"BreadcrumbList","@id":"https://luhacovice.cz/akce/483a-vystava-quot-vidim-a-proto-musim-malovat-quot/#breadcrumb","itemListElement":[{"@type":"ListItem","position":1,"name":"Home","item":"https://luhacovice.cz/en/"},{"@type":"ListItem","position":2,"name":"Akce","item":"https://luhacovice.cz/akce/"},{"@type":"ListItem","position":3,"name":"Výstava / &quot;Vidím, a proto musím malovat&quot;"}]},{"@type":"WebSite","@id":"https://luhacovice.cz/#website","url":"https://luhacovice.cz/","name":"Luhačovice.cz","description":"Turistický portál Luhačovice Pozlovice","potentialAction":[{"@type":"SearchAction","target":{"@type":"EntryPoint","urlTemplate":"https://luhacovice.cz/?s={search_term_string}"},"query-input":"required name=search_term_string"}],"inLanguage":"en-US"}]}</script>
<!-- / Yoast SEO plugin. -->

Výstava / &quot;Vidím, a proto musím malovat&quot; - Luhačovice.cz

Slavnostní vernisáž proběhne 15. listopadu v 17.00 hod. Vstup volný. Příznačný název výstavy obrazů olomouckého rodáka Marcela Hubáčka(1964) &#8220;Vidím, a proto musím malovat&#8221; symbolizuje jeho dar vidět aposléze dotvořit ve všem a ze všeho umělecké dílo. Svou inspiracinachází uprostřed přírody, na Želechovických pasekách, kde bydlí a kdese cítí být šťastný. Spojení s přírodou se pro... View Article

Luhačovice.cz

Turistický portál Luhačovice Pozlovice
