{"id":6709,"date":"2016-11-02T00:00:00","date_gmt":"2016-11-01T23:00:00","guid":{"rendered":"https:\/\/luhacovice.cz\/akce\/3299a-vystava-obrazu-maliru-slovacka-19-a-20-stoleti\/"},"modified":"2016-11-02T00:00:00","modified_gmt":"2016-11-01T23:00:00","slug":"3299a-vystava-obrazu-maliru-slovacka-19-a-20-stoleti","status":"publish","type":"akce","link":"https:\/\/luhacovice.cz\/en\/akce\/3299a-vystava-obrazu-maliru-slovacka-19-a-20-stoleti\/","title":{"rendered":"V\u00fdstava obraz\u016f mal\u00ed\u0159\u016f Slov\u00e1cka 19. a 20. stolet\u00ed"},"content":{"rendered":"<p>Vernis\u00e1\u017e v\u00fdstavy v \u00fater\u00fd 1. 11. 2016 v 17:00 hod. \/\u00a0\u00davodn\u00ed slovo \/ komentovan\u00e1 prohl\u00eddka \/\u00a0hudebn\u00ed vstup: cimb\u00e1lov\u00e1 muzika<br \/>Obrazy\u00a0ze sb\u00edrky Nadace Moravsk\u00e9 Slov\u00e1cko a Galerie Jo\u017ei Uprky v Uhersk\u00e9m Hradi\u0161ti.\u00a0D\u00edla Jo\u017ei Uprky, Anto\u0161e Frolky, Franti\u0161ka Bezd\u011bka, Cyrila Mandela, Josefa Koudelky, Otto Ottmara a\u00a0dal\u0161\u00edch slavn\u00fdch\u00a0mal\u00ed\u0159\u016f inspirovan\u00fdch Slov\u00e1ckem.<\/p>\n<p>\u00a0<a href=\"http:\/\/luhacovice.cz\/wcd\/actions\/2016\/11\/vystavamalirislovacka_galeriejujpg.jpg\" rel=\"example1\"><img decoding=\"async\" src=\"http:\/\/luhacovice.cz\/wcd\/actions\/2016\/11\/thumb\/vystavamalirislovacka_galeriejujpg.jpg\" width=\"120\" height=\"99\" \/><\/a><\/p>\n","protected":false},"featured_media":0,"template":"","meta":[],"druhy_akci":[20],"yoast_head":"<!-- This site is optimized with the Yoast SEO plugin v20.4 - https:\/\/yoast.com\/wordpress\/plugins\/seo\/ -->\n<title>V\u00fdstava obraz\u016f mal\u00ed\u0159\u016f Slov\u00e1cka 19. a 20. stolet\u00ed - Luha\u010dovice.cz<\/title>\n<meta name=\"robots\" content=\"index, follow, max-snippet:-1, max-image-preview:large, max-video-preview:-1\" \/>\n<link rel=\"canonical\" href=\"https:\/\/luhacovice.cz\/akce\/3299a-vystava-obrazu-maliru-slovacka-19-a-20-stoleti\/\" \/>\n<meta property=\"og:locale\" content=\"en_US\" \/>\n<meta property=\"og:type\" content=\"article\" \/>\n<meta property=\"og:title\" content=\"V\u00fdstava obraz\u016f mal\u00ed\u0159\u016f Slov\u00e1cka 19. a 20. stolet\u00ed - Luha\u010dovice.cz\" \/>\n<meta property=\"og:description\" content=\"Vernis\u00e1\u017e v\u00fdstavy v \u00fater\u00fd 1. 11. 2016 v 17:00 hod. \/\u00a0\u00davodn\u00ed slovo \/ komentovan\u00e1 prohl\u00eddka \/\u00a0hudebn\u00ed vstup: cimb\u00e1lov\u00e1 muzikaObrazy\u00a0ze sb\u00edrky Nadace Moravsk\u00e9 Slov\u00e1cko a Galerie Jo\u017ei Uprky v Uhersk\u00e9m Hradi\u0161ti.\u00a0D\u00edla Jo\u017ei Uprky, Anto\u0161e Frolky, Franti\u0161ka Bezd\u011bka, Cyrila Mandela, Josefa Koudelky, Otto Ottmara a\u00a0dal\u0161\u00edch slavn\u00fdch\u00a0mal\u00ed\u0159\u016f inspirovan\u00fdch Slov\u00e1ckem. \u00a0\" \/>\n<meta property=\"og:url\" content=\"https:\/\/luhacovice.cz\/akce\/3299a-vystava-obrazu-maliru-slovacka-19-a-20-stoleti\/\" \/>\n<meta property=\"og:site_name\" content=\"Luha\u010dovice.cz\" \/>\n<meta property=\"og:image\" content=\"http:\/\/luhacovice.cz\/wcd\/actions\/2016\/11\/thumb\/vystavamalirislovacka_galeriejujpg.jpg\" \/>\n<meta name=\"twitter:card\" content=\"summary_large_image\" \/>\n<script type=\"application\/ld+json\" class=\"yoast-schema-graph\">{\"@context\":\"https:\/\/schema.org\",\"@graph\":[{\"@type\":\"WebPage\",\"@id\":\"https:\/\/luhacovice.cz\/akce\/3299a-vystava-obrazu-maliru-slovacka-19-a-20-stoleti\/\",\"url\":\"https:\/\/luhacovice.cz\/akce\/3299a-vystava-obrazu-maliru-slovacka-19-a-20-stoleti\/\",\"name\":\"V\u00fdstava obraz\u016f mal\u00ed\u0159\u016f Slov\u00e1cka 19. a 20. stolet\u00ed - Luha\u010dovice.cz\",\"isPartOf\":{\"@id\":\"https:\/\/luhacovice.cz\/#website\"},\"datePublished\":\"2016-11-01T23:00:00+00:00\",\"dateModified\":\"2016-11-01T23:00:00+00:00\",\"breadcrumb\":{\"@id\":\"https:\/\/luhacovice.cz\/akce\/3299a-vystava-obrazu-maliru-slovacka-19-a-20-stoleti\/#breadcrumb\"},\"inLanguage\":\"en-US\",\"potentialAction\":[{\"@type\":\"ReadAction\",\"target\":[\"https:\/\/luhacovice.cz\/akce\/3299a-vystava-obrazu-maliru-slovacka-19-a-20-stoleti\/\"]}]},{\"@type\":\"BreadcrumbList\",\"@id\":\"https:\/\/luhacovice.cz\/akce\/3299a-vystava-obrazu-maliru-slovacka-19-a-20-stoleti\/#breadcrumb\",\"itemListElement\":[{\"@type\":\"ListItem\",\"position\":1,\"name\":\"Home\",\"item\":\"https:\/\/luhacovice.cz\/en\/\"},{\"@type\":\"ListItem\",\"position\":2,\"name\":\"Akce\",\"item\":\"https:\/\/luhacovice.cz\/akce\/\"},{\"@type\":\"ListItem\",\"position\":3,\"name\":\"V\u00fdstava obraz\u016f mal\u00ed\u0159\u016f Slov\u00e1cka 19. a 20. stolet\u00ed\"}]},{\"@type\":\"WebSite\",\"@id\":\"https:\/\/luhacovice.cz\/#website\",\"url\":\"https:\/\/luhacovice.cz\/\",\"name\":\"Luha\u010dovice.cz\",\"description\":\"Turistick\u00fd port\u00e1l Luha\u010dovice Pozlovice\",\"potentialAction\":[{\"@type\":\"SearchAction\",\"target\":{\"@type\":\"EntryPoint\",\"urlTemplate\":\"https:\/\/luhacovice.cz\/?s={search_term_string}\"},\"query-input\":\"required name=search_term_string\"}],\"inLanguage\":\"en-US\"}]}<\/script>\n<!-- \/ Yoast SEO plugin. -->","yoast_head_json":{"title":"V\u00fdstava obraz\u016f mal\u00ed\u0159\u016f Slov\u00e1cka 19. a 20. stolet\u00ed - Luha\u010dovice.cz","robots":{"index":"index","follow":"follow","max-snippet":"max-snippet:-1","max-image-preview":"max-image-preview:large","max-video-preview":"max-video-preview:-1"},"canonical":"https:\/\/luhacovice.cz\/akce\/3299a-vystava-obrazu-maliru-slovacka-19-a-20-stoleti\/","og_locale":"en_US","og_type":"article","og_title":"V\u00fdstava obraz\u016f mal\u00ed\u0159\u016f Slov\u00e1cka 19. a 20. stolet\u00ed - Luha\u010dovice.cz","og_description":"Vernis\u00e1\u017e v\u00fdstavy v \u00fater\u00fd 1. 11. 2016 v 17:00 hod. \/\u00a0\u00davodn\u00ed slovo \/ komentovan\u00e1 prohl\u00eddka \/\u00a0hudebn\u00ed vstup: cimb\u00e1lov\u00e1 muzikaObrazy\u00a0ze sb\u00edrky Nadace Moravsk\u00e9 Slov\u00e1cko a Galerie Jo\u017ei Uprky v Uhersk\u00e9m Hradi\u0161ti.\u00a0D\u00edla Jo\u017ei Uprky, Anto\u0161e Frolky, Franti\u0161ka Bezd\u011bka, Cyrila Mandela, Josefa Koudelky, Otto Ottmara a\u00a0dal\u0161\u00edch slavn\u00fdch\u00a0mal\u00ed\u0159\u016f inspirovan\u00fdch Slov\u00e1ckem. \u00a0","og_url":"https:\/\/luhacovice.cz\/akce\/3299a-vystava-obrazu-maliru-slovacka-19-a-20-stoleti\/","og_site_name":"Luha\u010dovice.cz","og_image":[{"url":"http:\/\/luhacovice.cz\/wcd\/actions\/2016\/11\/thumb\/vystavamalirislovacka_galeriejujpg.jpg"}],"twitter_card":"summary_large_image","schema":{"@context":"https:\/\/schema.org","@graph":[{"@type":"WebPage","@id":"https:\/\/luhacovice.cz\/akce\/3299a-vystava-obrazu-maliru-slovacka-19-a-20-stoleti\/","url":"https:\/\/luhacovice.cz\/akce\/3299a-vystava-obrazu-maliru-slovacka-19-a-20-stoleti\/","name":"V\u00fdstava obraz\u016f mal\u00ed\u0159\u016f Slov\u00e1cka 19. a 20. stolet\u00ed - Luha\u010dovice.cz","isPartOf":{"@id":"https:\/\/luhacovice.cz\/#website"},"datePublished":"2016-11-01T23:00:00+00:00","dateModified":"2016-11-01T23:00:00+00:00","breadcrumb":{"@id":"https:\/\/luhacovice.cz\/akce\/3299a-vystava-obrazu-maliru-slovacka-19-a-20-stoleti\/#breadcrumb"},"inLanguage":"en-US","potentialAction":[{"@type":"ReadAction","target":["https:\/\/luhacovice.cz\/akce\/3299a-vystava-obrazu-maliru-slovacka-19-a-20-stoleti\/"]}]},{"@type":"BreadcrumbList","@id":"https:\/\/luhacovice.cz\/akce\/3299a-vystava-obrazu-maliru-slovacka-19-a-20-stoleti\/#breadcrumb","itemListElement":[{"@type":"ListItem","position":1,"name":"Home","item":"https:\/\/luhacovice.cz\/en\/"},{"@type":"ListItem","position":2,"name":"Akce","item":"https:\/\/luhacovice.cz\/akce\/"},{"@type":"ListItem","position":3,"name":"V\u00fdstava obraz\u016f mal\u00ed\u0159\u016f Slov\u00e1cka 19. a 20. stolet\u00ed"}]},{"@type":"WebSite","@id":"https:\/\/luhacovice.cz\/#website","url":"https:\/\/luhacovice.cz\/","name":"Luha\u010dovice.cz","description":"Turistick\u00fd port\u00e1l Luha\u010dovice Pozlovice","potentialAction":[{"@type":"SearchAction","target":{"@type":"EntryPoint","urlTemplate":"https:\/\/luhacovice.cz\/?s={search_term_string}"},"query-input":"required name=search_term_string"}],"inLanguage":"en-US"}]}},"_links":{"self":[{"href":"https:\/\/luhacovice.cz\/en\/wp-json\/wp\/v2\/akce\/6709"}],"collection":[{"href":"https:\/\/luhacovice.cz\/en\/wp-json\/wp\/v2\/akce"}],"about":[{"href":"https:\/\/luhacovice.cz\/en\/wp-json\/wp\/v2\/types\/akce"}],"wp:attachment":[{"href":"https:\/\/luhacovice.cz\/en\/wp-json\/wp\/v2\/media?parent=6709"}],"wp:term":[{"taxonomy":"druhy_akci","embeddable":true,"href":"https:\/\/luhacovice.cz\/en\/wp-json\/wp\/v2\/druhy_akci?post=6709"}],"curies":[{"name":"wp","href":"https:\/\/api.w.org\/{rel}","templated":true}]}}

Výstava obrazů malířů Slovácka 19. a 20. století

<p>Vernisáž výstavy v úterý 1. 11. 2016 v 17:00 hod. / Úvodní slovo / komentovaná prohlídka / hudební vstup: cimbálová muzika<br />Obrazy ze sbírky Nadace Moravské Slovácko a Galerie Joži Uprky v Uherském Hradišti. Díla Joži Uprky, Antoše Frolky, Františka Bezděka, Cyrila Mandela, Josefa Koudelky, Otto Ottmara a dalších slavných malířů inspirovaných Slováckem.</p>
<p> <a href="http://luhacovice.cz/wcd/actions/2016/11/vystavamalirislovacka_galeriejujpg.jpg" rel="example1"><img decoding="async" src="http://luhacovice.cz/wcd/actions/2016/11/thumb/vystavamalirislovacka_galeriejujpg.jpg" width="120" height="99" /></a></p>

<!-- This site is optimized with the Yoast SEO plugin v20.4 - https://yoast.com/wordpress/plugins/seo/ -->
<title>Výstava obrazů malířů Slovácka 19. a 20. století - Luhačovice.cz</title>
<meta name="robots" content="index, follow, max-snippet:-1, max-image-preview:large, max-video-preview:-1" />
<link rel="canonical" href="https://luhacovice.cz/akce/3299a-vystava-obrazu-maliru-slovacka-19-a-20-stoleti/" />
<meta property="og:locale" content="en_US" />
<meta property="og:type" content="article" />
<meta property="og:title" content="Výstava obrazů malířů Slovácka 19. a 20. století - Luhačovice.cz" />
<meta property="og:description" content="Vernisáž výstavy v úterý 1. 11. 2016 v 17:00 hod. / Úvodní slovo / komentovaná prohlídka / hudební vstup: cimbálová muzikaObrazy ze sbírky Nadace Moravské Slovácko a Galerie Joži Uprky v Uherském Hradišti. Díla Joži Uprky, Antoše Frolky, Františka Bezděka, Cyrila Mandela, Josefa Koudelky, Otto Ottmara a dalších slavných malířů inspirovaných Slováckem.  " />
<meta property="og:url" content="https://luhacovice.cz/akce/3299a-vystava-obrazu-maliru-slovacka-19-a-20-stoleti/" />
<meta property="og:site_name" content="Luhačovice.cz" />
<meta property="og:image" content="http://luhacovice.cz/wcd/actions/2016/11/thumb/vystavamalirislovacka_galeriejujpg.jpg" />
<meta name="twitter:card" content="summary_large_image" />
<script type="application/ld+json" class="yoast-schema-graph">{"@context":"https://schema.org","@graph":[{"@type":"WebPage","@id":"https://luhacovice.cz/akce/3299a-vystava-obrazu-maliru-slovacka-19-a-20-stoleti/","url":"https://luhacovice.cz/akce/3299a-vystava-obrazu-maliru-slovacka-19-a-20-stoleti/","name":"Výstava obrazů malířů Slovácka 19. a 20. století - Luhačovice.cz","isPartOf":{"@id":"https://luhacovice.cz/#website"},"datePublished":"2016-11-01T23:00:00+00:00","dateModified":"2016-11-01T23:00:00+00:00","breadcrumb":{"@id":"https://luhacovice.cz/akce/3299a-vystava-obrazu-maliru-slovacka-19-a-20-stoleti/#breadcrumb"},"inLanguage":"en-US","potentialAction":[{"@type":"ReadAction","target":["https://luhacovice.cz/akce/3299a-vystava-obrazu-maliru-slovacka-19-a-20-stoleti/"]}]},{"@type":"BreadcrumbList","@id":"https://luhacovice.cz/akce/3299a-vystava-obrazu-maliru-slovacka-19-a-20-stoleti/#breadcrumb","itemListElement":[{"@type":"ListItem","position":1,"name":"Home","item":"https://luhacovice.cz/en/"},{"@type":"ListItem","position":2,"name":"Akce","item":"https://luhacovice.cz/akce/"},{"@type":"ListItem","position":3,"name":"Výstava obrazů malířů Slovácka 19. a 20. století"}]},{"@type":"WebSite","@id":"https://luhacovice.cz/#website","url":"https://luhacovice.cz/","name":"Luhačovice.cz","description":"Turistický portál Luhačovice Pozlovice","potentialAction":[{"@type":"SearchAction","target":{"@type":"EntryPoint","urlTemplate":"https://luhacovice.cz/?s={search_term_string}"},"query-input":"required name=search_term_string"}],"inLanguage":"en-US"}]}</script>
<!-- / Yoast SEO plugin. -->

Výstava obrazů malířů Slovácka 19. a 20. století - Luhačovice.cz

Vernisáž výstavy v úterý 1. 11. 2016 v 17:00 hod. / Úvodní slovo / komentovaná prohlídka / hudební vstup: cimbálová muzikaObrazy ze sbírky Nadace Moravské Slovácko a Galerie Joži Uprky v Uherském Hradišti. Díla Joži Uprky, Antoše Frolky, Františka Bezděka, Cyrila Mandela, Josefa Koudelky, Otto Ottmara a dalších slavných malířů inspirovaných Slováckem.

Luhačovice.cz

Turistický portál Luhačovice Pozlovice
